CRAN Package Check Results for Package gamlss.countKinf

Last updated on 2025-02-21 09:50:45 CET.

Flavor Version Tinstall Tcheck Ttotal Status Flags
r-devel-linux-x86_64-debian-clang 3.5.1 13.94 92.24 106.18 NOTE
r-devel-linux-x86_64-debian-gcc 3.5.1 8.42 63.19 71.61 NOTE
r-devel-linux-x86_64-fedora-clang 3.5.1 167.74 OK
r-devel-linux-x86_64-fedora-gcc 3.5.1 155.48 OK
r-devel-macos-arm64 3.5.1 43.00 OK
r-devel-macos-x86_64 3.5.1 93.00 OK
r-devel-windows-x86_64 3.5.1 13.00 107.00 120.00 NOTE
r-patched-linux-x86_64 3.5.1 16.31 86.28 102.59 NOTE
r-release-linux-x86_64 3.5.1 11.83 87.11 98.94 NOTE
r-release-macos-arm64 3.5.1 43.00 NOTE
r-release-macos-x86_64 3.5.1 63.00 NOTE
r-release-windows-x86_64 3.5.1 13.00 98.00 111.00 NOTE
r-oldrel-macos-arm64 3.5.1 46.00 NOTE
r-oldrel-macos-x86_64 3.5.1 82.00 NOTE
r-oldrel-windows-x86_64 3.5.1 17.00 119.00 136.00 NOTE

Check Details

Version: 3.5.1
Check: Rd cross-references
Result: NOTE Found the following Rd file(s) with Rd \link{} targets missing package anchors: KIBNB.Rd: gamlss.family KIDEL.Rd: gamlss.family KIDPO.Rd: gamlss.family KIGEOM.Rd: gamlss.family KIGEOMo.Rd: gamlss.family KIGPO.Rd: gamlss.family KILG.Rd: gamlss.family KINBF.Rd: gamlss.family KINBI.Rd: gamlss.family KINBII.Rd: gamlss.family KIPIG.Rd: gamlss.family KIPO.Rd: gamlss.family KISI.Rd: gamlss.family KISICHEL.Rd: gamlss.family KIWARING.Rd: gamlss.family KIYULE.Rd: gamlss.family Please provide package anchors for all Rd \link{} targets not in the package itself and the base packages. Flavors: r-devel-linux-x86_64-debian-clang, r-devel-linux-x86_64-debian-gcc, r-devel-windows-x86_64

Version: 3.5.1
Check: LazyData
Result: NOTE 'LazyData' is specified without a 'data' directory Flavors: r-patched-linux-x86_64, r-release-linux-x86_64, r-release-macos-arm64, r-release-macos-x86_64, r-release-windows-x86_64, r-oldrel-macos-arm64, r-oldrel-macos-x86_64, r-oldrel-windows-x86_64