Last updated on 2025-02-21 09:50:44 CET.
Flavor | Version | Tinstall | Tcheck | Ttotal | Status | Flags |
---|---|---|---|---|---|---|
r-devel-linux-x86_64-debian-clang | 0.9.0 | 12.32 | 432.68 | 445.00 | OK | |
r-devel-linux-x86_64-debian-gcc | 0.9.0 | 7.60 | 296.66 | 304.26 | OK | |
r-devel-linux-x86_64-fedora-clang | 0.9.0 | 686.99 | NOTE | |||
r-devel-linux-x86_64-fedora-gcc | 0.9.0 | 678.84 | NOTE | |||
r-devel-macos-arm64 | 0.9.0 | 216.00 | OK | |||
r-devel-macos-x86_64 | 0.9.0 | 491.00 | OK | |||
r-devel-windows-x86_64 | 0.9.0 | 13.00 | 315.00 | 328.00 | OK | |
r-patched-linux-x86_64 | 0.9.0 | 11.19 | 403.45 | 414.64 | OK | |
r-release-linux-x86_64 | 0.9.0 | 12.43 | 406.96 | 419.39 | OK | |
r-release-macos-arm64 | 0.9.0 | 212.00 | OK | |||
r-release-macos-x86_64 | 0.9.0 | 387.00 | OK | |||
r-release-windows-x86_64 | 0.9.0 | 13.00 | 315.00 | 328.00 | OK | |
r-oldrel-macos-arm64 | 0.9.0 | 221.00 | OK | |||
r-oldrel-macos-x86_64 | 0.9.0 | 346.00 | OK | |||
r-oldrel-windows-x86_64 | 0.9.0 | 18.00 | 376.00 | 394.00 | OK |
Version: 0.9.0
Check: dependencies in R code
Result: NOTE
Namespace in Imports field not imported from: ‘dtplyr’
All declared Imports should be used.
Flavors: r-devel-linux-x86_64-fedora-clang, r-devel-linux-x86_64-fedora-gcc