Last updated on 2025-07-12 09:49:18 CEST.
Flavor | Version | Tinstall | Tcheck | Ttotal | Status | Flags |
---|---|---|---|---|---|---|
r-devel-linux-x86_64-debian-clang | 1.0.1 | 10.76 | 182.50 | 193.26 | OK | |
r-devel-linux-x86_64-debian-gcc | 1.0.1 | 7.42 | 128.39 | 135.81 | OK | |
r-devel-linux-x86_64-fedora-clang | 1.0.1 | 324.22 | NOTE | |||
r-devel-linux-x86_64-fedora-gcc | 1.0.1 | 298.78 | NOTE | |||
r-devel-windows-x86_64 | 1.0.1 | 12.00 | 274.00 | 286.00 | OK | |
r-patched-linux-x86_64 | 1.0.1 | 10.72 | 169.21 | 179.93 | OK | |
r-release-linux-x86_64 | 1.0.1 | 10.70 | 170.78 | 181.48 | OK | |
r-release-macos-arm64 | 1.0.1 | 149.00 | OK | |||
r-release-macos-x86_64 | 1.0.1 | 241.00 | OK | |||
r-release-windows-x86_64 | 1.0.1 | 12.00 | 274.00 | 286.00 | OK | |
r-oldrel-macos-arm64 | 1.0.1 | 103.00 | OK | |||
r-oldrel-macos-x86_64 | 1.0.1 | 177.00 | OK | |||
r-oldrel-windows-x86_64 | 1.0.1 | 17.00 | 294.00 | 311.00 | OK |
Version: 1.0.1
Check: dependencies in R code
Result: NOTE
Namespaces in Imports field not imported from:
‘mgcv’ ‘numDeriv’
All declared Imports should be used.
Flavors: r-devel-linux-x86_64-fedora-clang, r-devel-linux-x86_64-fedora-gcc