Last updated on 2025-02-21 09:50:44 CET.
Flavor | Version | Tinstall | Tcheck | Ttotal | Status | Flags |
---|---|---|---|---|---|---|
r-devel-linux-x86_64-debian-clang | 2.1.1 | 9.17 | 111.35 | 120.52 | NOTE | |
r-devel-linux-x86_64-debian-gcc | 2.1.1 | 7.01 | 76.14 | 83.15 | NOTE | |
r-devel-linux-x86_64-fedora-clang | 2.1.1 | 191.40 | NOTE | |||
r-devel-linux-x86_64-fedora-gcc | 2.1.1 | 184.35 | NOTE | |||
r-devel-macos-arm64 | 2.1.1 | 57.00 | NOTE | |||
r-devel-macos-x86_64 | 2.1.1 | 104.00 | NOTE | |||
r-devel-windows-x86_64 | 2.1.1 | 12.00 | 148.00 | 160.00 | NOTE | |
r-patched-linux-x86_64 | 2.1.1 | 10.36 | 104.08 | 114.44 | NOTE | |
r-release-linux-x86_64 | 2.1.1 | 10.05 | 102.19 | 112.24 | NOTE | |
r-release-macos-arm64 | 2.1.1 | 53.00 | NOTE | |||
r-release-macos-x86_64 | 2.1.1 | 94.00 | NOTE | |||
r-release-windows-x86_64 | 2.1.1 | 11.00 | 137.00 | 148.00 | NOTE | |
r-oldrel-macos-arm64 | 2.1.1 | 59.00 | OK | |||
r-oldrel-macos-x86_64 | 2.1.1 | 100.00 | OK | |||
r-oldrel-windows-x86_64 | 2.1.1 | 15.00 | 143.00 | 158.00 | OK |
Version: 2.1.1
Check: Rd files
Result: NOTE
checkRd: (-1) NASAtemp.Rd:14: Lost braces in \itemize; meant \describe ?
checkRd: (-1) NASAtemp.Rd:15: Lost braces in \itemize; meant \describe ?
Flavors: r-devel-linux-x86_64-debian-clang, r-devel-linux-x86_64-debian-gcc, r-devel-linux-x86_64-fedora-clang, r-devel-linux-x86_64-fedora-gcc, r-devel-macos-arm64, r-devel-macos-x86_64, r-devel-windows-x86_64, r-patched-linux-x86_64, r-release-linux-x86_64, r-release-macos-arm64, r-release-macos-x86_64, r-release-windows-x86_64