CRAN Package Check Results for Package epxToR

Last updated on 2025-02-21 09:50:43 CET.

Flavor Version Tinstall Tcheck Ttotal Status Flags
r-devel-linux-x86_64-debian-clang 0.4-1 2.39 24.69 27.08 OK
r-devel-linux-x86_64-debian-gcc 0.4-1 1.77 18.64 20.41 OK
r-devel-linux-x86_64-fedora-clang 0.4-1 43.22 OK
r-devel-linux-x86_64-fedora-gcc 0.4-1 41.41 OK
r-devel-macos-arm64 0.4-1 20.00 OK
r-devel-macos-x86_64 0.4-1 30.00 OK
r-devel-windows-x86_64 0.4-1 4.00 44.00 48.00 OK
r-patched-linux-x86_64 0.4-1 2.72 23.33 26.05 NOTE
r-release-linux-x86_64 0.4-1 2.76 23.48 26.24 NOTE
r-release-macos-arm64 0.4-1 18.00 NOTE
r-release-macos-x86_64 0.4-1 26.00 NOTE
r-release-windows-x86_64 0.4-1 5.00 44.00 49.00 NOTE
r-oldrel-macos-arm64 0.4-1 19.00 NOTE
r-oldrel-macos-x86_64 0.4-1 25.00 NOTE
r-oldrel-windows-x86_64 0.4-1 5.00 45.00 50.00 NOTE

Check Details

Version: 0.4-1
Check: LazyData
Result: NOTE 'LazyData' is specified without a 'data' directory Flavors: r-patched-linux-x86_64, r-release-linux-x86_64, r-release-macos-arm64, r-release-macos-x86_64, r-release-windows-x86_64, r-oldrel-macos-arm64, r-oldrel-macos-x86_64, r-oldrel-windows-x86_64