Last updated on 2025-02-21 09:50:43 CET.
Flavor | Version | Tinstall | Tcheck | Ttotal | Status | Flags |
---|---|---|---|---|---|---|
r-devel-linux-x86_64-debian-clang | 0.5 | 11.09 | 110.60 | 121.69 | OK | |
r-devel-linux-x86_64-debian-gcc | 0.5 | 7.75 | 77.67 | 85.42 | OK | |
r-devel-linux-x86_64-fedora-clang | 0.5 | 193.08 | OK | |||
r-devel-linux-x86_64-fedora-gcc | 0.5 | 199.98 | OK | |||
r-devel-macos-arm64 | 0.5 | 60.00 | OK | |||
r-devel-macos-x86_64 | 0.5 | 123.00 | OK | |||
r-devel-windows-x86_64 | 0.5 | 12.00 | 118.00 | 130.00 | OK | |
r-patched-linux-x86_64 | 0.5 | 10.44 | 101.85 | 112.29 | OK | |
r-release-linux-x86_64 | 0.5 | 11.97 | 102.09 | 114.06 | OK | |
r-release-macos-arm64 | 0.5 | 60.00 | OK | |||
r-release-macos-x86_64 | 0.5 | 85.00 | OK | |||
r-release-windows-x86_64 | 0.5 | 13.00 | 121.00 | 134.00 | OK | |
r-oldrel-macos-arm64 | 0.5 | 68.00 | OK | |||
r-oldrel-macos-x86_64 | 0.5 | 102.00 | NOTE | |||
r-oldrel-windows-x86_64 | 0.5 | 17.00 | 169.00 | 186.00 | OK |
Version: 0.5
Check: Rd cross-references
Result: NOTE
Package unavailable to check Rd xrefs: ‘eRm’
Flavor: r-oldrel-macos-x86_64