Last updated on 2025-07-12 09:49:17 CEST.
Flavor | Version | Tinstall | Tcheck | Ttotal | Status | Flags |
---|---|---|---|---|---|---|
r-devel-linux-x86_64-debian-clang | 0.0.5 | 5.29 | 67.02 | 72.31 | NOTE | |
r-devel-linux-x86_64-debian-gcc | 0.0.5 | 3.95 | 49.26 | 53.21 | NOTE | |
r-devel-linux-x86_64-fedora-clang | 0.0.5 | 116.79 | NOTE | |||
r-devel-linux-x86_64-fedora-gcc | 0.0.5 | 120.10 | NOTE | |||
r-devel-windows-x86_64 | 0.0.5 | 8.00 | 78.00 | 86.00 | NOTE | |
r-patched-linux-x86_64 | 0.0.5 | 5.59 | 63.72 | 69.31 | NOTE | |
r-release-linux-x86_64 | 0.0.5 | 4.65 | 63.01 | 67.66 | NOTE | |
r-release-macos-arm64 | 0.0.5 | 41.00 | NOTE | |||
r-release-macos-x86_64 | 0.0.5 | 70.00 | NOTE | |||
r-release-windows-x86_64 | 0.0.5 | 8.00 | 78.00 | 86.00 | NOTE | |
r-oldrel-macos-arm64 | 0.0.5 | 38.00 | NOTE | |||
r-oldrel-macos-x86_64 | 0.0.5 | 56.00 | NOTE | |||
r-oldrel-windows-x86_64 | 0.0.5 | 8.00 | 98.00 | 106.00 | NOTE |
Version: 0.0.5
Check: Rd files
Result: NOTE
checkRd: (-1) plot.earlyR.Rd:34-46: Lost braces
34 | if (require(incidence)) {
| ^
Flavors: r-devel-linux-x86_64-debian-clang, r-devel-linux-x86_64-debian-gcc, r-devel-linux-x86_64-fedora-clang, r-devel-linux-x86_64-fedora-gcc, r-devel-windows-x86_64, r-patched-linux-x86_64, r-release-linux-x86_64, r-release-macos-arm64, r-release-macos-x86_64, r-release-windows-x86_64, r-oldrel-macos-arm64, r-oldrel-macos-x86_64, r-oldrel-windows-x86_64
Version: 0.0.5
Check: LazyData
Result: NOTE
'LazyData' is specified without a 'data' directory
Flavors: r-oldrel-macos-arm64, r-oldrel-macos-x86_64, r-oldrel-windows-x86_64