Last updated on 2025-02-21 09:50:43 CET.
Flavor | Version | Tinstall | Tcheck | Ttotal | Status | Flags |
---|---|---|---|---|---|---|
r-devel-linux-x86_64-debian-clang | 6.0.0 | 123.51 | 352.40 | 475.91 | OK | |
r-devel-linux-x86_64-debian-gcc | 6.0.0 | 89.52 | 255.28 | 344.80 | OK | |
r-devel-linux-x86_64-fedora-clang | 6.0.0 | 846.63 | OK | |||
r-devel-linux-x86_64-fedora-gcc | 6.0.0 | 822.47 | OK | |||
r-devel-macos-arm64 | 6.0.0 | 198.00 | OK | |||
r-devel-macos-x86_64 | 6.0.0 | 451.00 | OK | |||
r-devel-windows-x86_64 | 6.0.0 | 153.00 | 335.00 | 488.00 | OK | |
r-patched-linux-x86_64 | 6.0.0 | 122.22 | 339.68 | 461.90 | NOTE | |
r-release-linux-x86_64 | 6.0.0 | 124.10 | 338.74 | 462.84 | NOTE | |
r-release-macos-arm64 | 6.0.0 | 118.00 | NOTE | |||
r-release-macos-x86_64 | 6.0.0 | 181.00 | NOTE | |||
r-release-windows-x86_64 | 6.0.0 | 152.00 | 338.00 | 490.00 | NOTE | |
r-oldrel-macos-arm64 | 6.0.0 | 196.00 | NOTE | |||
r-oldrel-macos-x86_64 | 6.0.0 | 405.00 | NOTE | |||
r-oldrel-windows-x86_64 | 6.0.0 | 186.00 | 439.00 | 625.00 | NOTE |
Version: 6.0.0
Check: for GNU extensions in Makefiles
Result: NOTE
GNU make is a SystemRequirements.
Flavors: r-patched-linux-x86_64, r-release-linux-x86_64, r-release-macos-arm64, r-release-macos-x86_64, r-release-windows-x86_64, r-oldrel-macos-arm64, r-oldrel-macos-x86_64, r-oldrel-windows-x86_64
Version: 6.0.0
Check: installed package size
Result: NOTE
installed size is 9.2Mb
sub-directories of 1Mb or more:
doc 2.1Mb
libs 5.6Mb
Flavors: r-release-macos-arm64, r-release-macos-x86_64, r-oldrel-macos-arm64, r-oldrel-macos-x86_64