CRAN Package Check Results for Package dtpcrm

Last updated on 2025-02-21 09:50:43 CET.

Flavor Version Tinstall Tcheck Ttotal Status Flags
r-devel-linux-x86_64-debian-clang 0.1.1 2.50 50.73 53.23 NOTE
r-devel-linux-x86_64-debian-gcc 0.1.1 1.79 36.74 38.53 NOTE
r-devel-linux-x86_64-fedora-clang 0.1.1 88.60 NOTE
r-devel-linux-x86_64-fedora-gcc 0.1.1 100.33 NOTE
r-devel-macos-arm64 0.1.1 38.00 NOTE
r-devel-macos-x86_64 0.1.1 69.00 NOTE
r-devel-windows-x86_64 0.1.1 5.00 109.00 114.00 NOTE
r-patched-linux-x86_64 0.1.1 2.43 49.79 52.22 NOTE
r-release-linux-x86_64 0.1.1 2.23 49.78 52.01 NOTE
r-release-macos-arm64 0.1.1 36.00 NOTE
r-release-macos-x86_64 0.1.1 53.00 NOTE
r-release-windows-x86_64 0.1.1 4.00 105.00 109.00 NOTE
r-oldrel-macos-arm64 0.1.1 37.00 NOTE
r-oldrel-macos-x86_64 0.1.1 58.00 NOTE
r-oldrel-windows-x86_64 0.1.1 3.00 111.00 114.00 NOTE

Check Details

Version: 0.1.1
Check: Rd files
Result: NOTE checkRd: (-1) applied_crm.Rd:64: Lost braces; missing escapes or markup? 64 | The empiric model is specified as F(d, beta) = d^{exp(beta)}. The logistic model is | ^ Flavors: r-devel-linux-x86_64-debian-clang, r-devel-linux-x86_64-debian-gcc, r-devel-linux-x86_64-fedora-clang, r-devel-linux-x86_64-fedora-gcc, r-devel-macos-arm64, r-devel-macos-x86_64, r-devel-windows-x86_64, r-patched-linux-x86_64, r-release-linux-x86_64, r-release-macos-arm64, r-release-macos-x86_64, r-release-windows-x86_64

Version: 0.1.1
Check: LazyData
Result: NOTE 'LazyData' is specified without a 'data' directory Flavors: r-patched-linux-x86_64, r-release-linux-x86_64, r-release-macos-arm64, r-release-macos-x86_64, r-release-windows-x86_64, r-oldrel-macos-arm64, r-oldrel-macos-x86_64, r-oldrel-windows-x86_64