Last updated on 2025-02-21 09:50:43 CET.
Flavor | Version | Tinstall | Tcheck | Ttotal | Status | Flags |
---|---|---|---|---|---|---|
r-devel-linux-x86_64-debian-clang | 0.1.1 | 1.90 | 22.04 | 23.94 | NOTE | |
r-devel-linux-x86_64-debian-gcc | 0.1.1 | 1.95 | 17.34 | 19.29 | NOTE | |
r-devel-linux-x86_64-fedora-clang | 0.1.1 | 37.74 | OK | |||
r-devel-linux-x86_64-fedora-gcc | 0.1.1 | 35.50 | OK | |||
r-devel-macos-arm64 | 0.1.1 | 15.00 | OK | |||
r-devel-macos-x86_64 | 0.1.1 | 35.00 | OK | |||
r-devel-windows-x86_64 | 0.1.1 | 4.00 | 42.00 | 46.00 | OK | |
r-patched-linux-x86_64 | 0.1.1 | 2.29 | 20.04 | 22.33 | OK | |
r-release-linux-x86_64 | 0.1.1 | 2.11 | 20.36 | 22.47 | OK | |
r-release-macos-arm64 | 0.1.1 | 16.00 | OK | |||
r-release-macos-x86_64 | 0.1.1 | 24.00 | OK | |||
r-release-windows-x86_64 | 0.1.1 | 4.00 | 44.00 | 48.00 | OK | |
r-oldrel-macos-arm64 | 0.1.1 | 18.00 | OK | |||
r-oldrel-macos-x86_64 | 0.1.1 | 23.00 | OK | |||
r-oldrel-windows-x86_64 | 0.1.1 | 4.00 | 43.00 | 47.00 | OK |
Version: 0.1.1
Check: for unstated dependencies in ‘demo’
Result: NOTE
'library' or 'require' call not declared from: ‘devtools’
Flavors: r-devel-linux-x86_64-debian-clang, r-devel-linux-x86_64-debian-gcc