CRAN Package Check Results for Package dlbayes

Last updated on 2025-10-17 09:49:53 CEST.

Flavor Version Tinstall Tcheck Ttotal Status Flags
r-devel-linux-x86_64-debian-clang 0.1.0 1.88 38.53 40.41 NOTE
r-devel-linux-x86_64-debian-gcc 0.1.0 1.39 28.90 30.29 NOTE
r-devel-linux-x86_64-fedora-clang 0.1.0 64.83 OK
r-devel-linux-x86_64-fedora-gcc 0.1.0 58.24 OK
r-devel-windows-x86_64 0.1.0 3.00 55.00 58.00 OK
r-patched-linux-x86_64 0.1.0 1.92 36.45 38.37 OK
r-release-linux-x86_64 0.1.0 1.35 36.54 37.89 OK
r-release-macos-arm64 0.1.0 26.00 OK
r-release-macos-x86_64 0.1.0 48.00 OK
r-release-windows-x86_64 0.1.0 4.00 57.00 61.00 OK
r-oldrel-macos-arm64 0.1.0 20.00 NOTE
r-oldrel-macos-x86_64 0.1.0 32.00 NOTE
r-oldrel-windows-x86_64 0.1.0 5.00 68.00 73.00 NOTE

Check Details

Version: 0.1.0
Check: CRAN incoming feasibility
Result: NOTE Maintainer: ‘Shijia Zhang <zsj27@mail.ustc.edu.cn>’ No Authors@R field in DESCRIPTION. Please add one, modifying Authors@R: c(person(given = c("Shijia", "Zhang;", "Meng"), family = "Li", role = "aut"), person(given = "Shijia", family = "Zhang", role = "cre", email = "zsj27@mail.ustc.edu.cn")) as necessary. Flavors: r-devel-linux-x86_64-debian-clang, r-devel-linux-x86_64-debian-gcc

Version: 0.1.0
Check: LazyData
Result: NOTE 'LazyData' is specified without a 'data' directory Flavors: r-oldrel-macos-arm64, r-oldrel-macos-x86_64, r-oldrel-windows-x86_64