CRAN Package Check Results for Package disclapmix

Last updated on 2025-07-12 09:49:16 CEST.

Flavor Version Tinstall Tcheck Ttotal Status Flags
r-devel-linux-x86_64-debian-clang 1.7.4 19.25 66.01 85.26 NOTE
r-devel-linux-x86_64-debian-gcc 1.7.4 15.22 48.31 63.53 NOTE
r-devel-linux-x86_64-fedora-clang 1.7.4 145.08 NOTE
r-devel-linux-x86_64-fedora-gcc 1.7.4 151.55 NOTE
r-devel-windows-x86_64 1.7.4 25.00 111.00 136.00 NOTE
r-patched-linux-x86_64 1.7.4 20.88 61.20 82.08 NOTE
r-release-linux-x86_64 1.7.4 19.72 63.39 83.11 NOTE
r-release-macos-arm64 1.7.4 56.00 NOTE
r-release-macos-x86_64 1.7.4 89.00 NOTE
r-release-windows-x86_64 1.7.4 23.00 110.00 133.00 NOTE
r-oldrel-macos-arm64 1.7.4 52.00 NOTE
r-oldrel-macos-x86_64 1.7.4 70.00 NOTE
r-oldrel-windows-x86_64 1.7.4 23.00 128.00 151.00 NOTE

Check Details

Version: 1.7.4
Check: C++ specification
Result: NOTE Specified C++11: please drop specification unless essential Flavors: r-devel-linux-x86_64-debian-clang, r-devel-linux-x86_64-debian-gcc, r-devel-linux-x86_64-fedora-clang, r-devel-linux-x86_64-fedora-gcc, r-devel-windows-x86_64, r-patched-linux-x86_64, r-release-linux-x86_64, r-release-macos-arm64, r-release-macos-x86_64, r-release-windows-x86_64, r-oldrel-macos-arm64, r-oldrel-macos-x86_64, r-oldrel-windows-x86_64