CRAN Package Check Results for Package difR

Last updated on 2025-02-21 09:50:42 CET.

Flavor Version Tinstall Tcheck Ttotal Status Flags
r-devel-linux-x86_64-debian-clang 5.1 21.74 140.07 161.81 NOTE
r-devel-linux-x86_64-debian-gcc 5.1 13.32 91.21 104.53 NOTE
r-devel-linux-x86_64-fedora-clang 5.1 251.64 NOTE
r-devel-linux-x86_64-fedora-gcc 5.1 236.31 NOTE
r-devel-macos-arm64 5.1 63.00 NOTE
r-devel-macos-x86_64 5.1 131.00 NOTE
r-devel-windows-x86_64 5.1 24.00 147.00 171.00 NOTE
r-patched-linux-x86_64 5.1 29.42 128.75 158.17 NOTE
r-release-linux-x86_64 5.1 18.96 128.03 146.99 NOTE
r-release-macos-arm64 5.1 54.00 NOTE
r-release-macos-x86_64 5.1 81.00 NOTE
r-release-windows-x86_64 5.1 24.00 147.00 171.00 NOTE
r-oldrel-macos-arm64 5.1 66.00 OK
r-oldrel-macos-x86_64 5.1 98.00 OK
r-oldrel-windows-x86_64 5.1 28.00 178.00 206.00 OK

Check Details

Version: 5.1
Check: Rd files
Result: NOTE checkRd: (-1) difTID.Rd:185: Lost braces 185 | \code{\link[deltaPlotR]{deltaPlot}}, code{\link[deltaPlotR]{diagPlot}}, \code{\link{dichoDif}} | ^ Flavors: r-devel-linux-x86_64-debian-clang, r-devel-linux-x86_64-debian-gcc, r-devel-linux-x86_64-fedora-clang, r-devel-linux-x86_64-fedora-gcc, r-devel-macos-arm64, r-devel-macos-x86_64, r-devel-windows-x86_64, r-patched-linux-x86_64, r-release-linux-x86_64, r-release-macos-arm64, r-release-macos-x86_64, r-release-windows-x86_64

Version: 5.1
Check: Rd cross-references
Result: NOTE Found the following Rd file(s) with Rd \link{} targets missing package anchors: itemPar1PL.rd: rasch Please provide package anchors for all Rd \link{} targets not in the package itself and the base packages. Flavors: r-devel-linux-x86_64-debian-clang, r-devel-linux-x86_64-debian-gcc, r-devel-windows-x86_64