Last updated on 2025-02-21 09:50:42 CET.
Flavor | Version | Tinstall | Tcheck | Ttotal | Status | Flags |
---|---|---|---|---|---|---|
r-devel-linux-x86_64-debian-clang | 2.1.1 | 29.27 | 91.35 | 120.62 | NOTE | |
r-devel-linux-x86_64-debian-gcc | 2.1.1 | 17.90 | 62.22 | 80.12 | NOTE | |
r-devel-linux-x86_64-fedora-clang | 2.1.1 | 188.86 | NOTE | |||
r-devel-linux-x86_64-fedora-gcc | 2.1.1 | 187.15 | NOTE | |||
r-devel-macos-arm64 | 2.1.1 | 78.00 | OK | |||
r-devel-macos-x86_64 | 2.1.1 | 164.00 | NOTE | |||
r-devel-windows-x86_64 | 2.1.1 | 37.00 | 111.00 | 148.00 | NOTE | |
r-patched-linux-x86_64 | 2.1.1 | 30.13 | 88.10 | 118.23 | OK | |
r-release-linux-x86_64 | 2.1.1 | 30.32 | 87.55 | 117.87 | OK | |
r-release-macos-arm64 | 2.1.1 | 74.00 | OK | |||
r-release-macos-x86_64 | 2.1.1 | 115.00 | OK | |||
r-release-windows-x86_64 | 2.1.1 | 37.00 | 110.00 | 147.00 | OK | |
r-oldrel-macos-arm64 | 2.1.1 | 83.00 | OK | |||
r-oldrel-macos-x86_64 | 2.1.1 | 139.00 | OK | |||
r-oldrel-windows-x86_64 | 2.1.1 | 55.00 | 152.00 | 207.00 | OK |
Version: 2.1.1
Check: DESCRIPTION meta-information
Result: NOTE
Missing dependency on R >= 4.1.0 because package code uses the pipe
|> or function shorthand \(...) syntax added in R 4.1.0.
File(s) using such syntax:
‘convert_slwer_to_tidy.R’ ‘download_pdfwer_srilanka.R’
‘get_pdflinks_srilanka.R’ ‘min_max.R’
Flavors: r-devel-linux-x86_64-debian-clang, r-devel-linux-x86_64-debian-gcc, r-devel-linux-x86_64-fedora-clang, r-devel-linux-x86_64-fedora-gcc, r-devel-macos-x86_64, r-devel-windows-x86_64