Last updated on 2025-02-20 09:50:45 CET.
Flavor | Version | Tinstall | Tcheck | Ttotal | Status | Flags |
---|---|---|---|---|---|---|
r-devel-linux-x86_64-debian-clang | 0.1.1 | 2.50 | 19.99 | 22.49 | OK | |
r-devel-linux-x86_64-debian-gcc | 0.1.1 | 1.67 | 15.78 | 17.45 | OK | |
r-devel-linux-x86_64-fedora-clang | 0.1.1 | 34.37 | OK | |||
r-devel-linux-x86_64-fedora-gcc | 0.1.1 | 32.85 | OK | |||
r-devel-macos-arm64 | 0.1.1 | 16.00 | OK | |||
r-devel-macos-x86_64 | 0.1.1 | 30.00 | OK | |||
r-devel-windows-x86_64 | 0.1.1 | 4.00 | 48.00 | 52.00 | OK | |
r-patched-linux-x86_64 | 0.1.1 | 2.40 | 19.01 | 21.41 | OK | |
r-release-linux-x86_64 | 0.1.1 | 2.30 | 19.28 | 21.58 | OK | |
r-release-macos-arm64 | 0.1.1 | 16.00 | OK | |||
r-release-macos-x86_64 | 0.1.1 | 22.00 | OK | |||
r-release-windows-x86_64 | 0.1.1 | 4.00 | 3.00 | 7.00 | FAIL | |
r-oldrel-macos-arm64 | 0.1.1 | 17.00 | OK | |||
r-oldrel-macos-x86_64 | 0.1.1 | 29.00 | OK | |||
r-oldrel-windows-x86_64 | 0.1.1 | 4.00 | 50.00 | 54.00 | OK |
Version: 0.1.1
Check: package dependencies
Result: FAIL
Flavor: r-release-windows-x86_64