Last updated on 2025-02-20 09:50:45 CET.
Flavor | Version | Tinstall | Tcheck | Ttotal | Status | Flags |
---|---|---|---|---|---|---|
r-devel-linux-x86_64-debian-clang | 0.8.0 | 1.57 | 18.26 | 19.83 | NOTE | |
r-devel-linux-x86_64-debian-gcc | 0.8.0 | 1.49 | 15.26 | 16.75 | NOTE | |
r-devel-linux-x86_64-fedora-clang | 0.8.0 | 33.42 | NOTE | |||
r-devel-linux-x86_64-fedora-gcc | 0.8.0 | 31.52 | NOTE | |||
r-devel-macos-arm64 | 0.8.0 | 17.00 | NOTE | |||
r-devel-macos-x86_64 | 0.8.0 | 30.00 | NOTE | |||
r-devel-windows-x86_64 | 0.8.0 | 3.00 | 40.00 | 43.00 | NOTE | |
r-patched-linux-x86_64 | 0.8.0 | 2.19 | 17.83 | 20.02 | NOTE | |
r-release-linux-x86_64 | 0.8.0 | 1.96 | 17.66 | 19.62 | NOTE | |
r-release-macos-arm64 | 0.8.0 | 16.00 | NOTE | |||
r-release-macos-x86_64 | 0.8.0 | 21.00 | NOTE | |||
r-release-windows-x86_64 | 0.8.0 | 3.00 | 46.00 | 49.00 | NOTE | |
r-oldrel-macos-arm64 | 0.8.0 | 17.00 | OK | |||
r-oldrel-macos-x86_64 | 0.8.0 | 20.00 | OK | |||
r-oldrel-windows-x86_64 | 0.8.0 | 3.00 | 52.00 | 55.00 | OK |
Version: 0.8.0
Check: Rd files
Result: NOTE
checkRd: (-1) listCensusApis.Rd:10: Lost braces; missing escapes or markup?
10 | Scrapes {https://api.census.gov/data.json} and returns a dataframe
| ^
Flavors: r-devel-linux-x86_64-debian-clang, r-devel-linux-x86_64-debian-gcc, r-devel-linux-x86_64-fedora-clang, r-devel-linux-x86_64-fedora-gcc, r-devel-macos-arm64, r-devel-macos-x86_64, r-devel-windows-x86_64, r-patched-linux-x86_64, r-release-linux-x86_64, r-release-macos-arm64, r-release-macos-x86_64, r-release-windows-x86_64