Last updated on 2025-02-20 09:50:43 CET.
Flavor | Version | Tinstall | Tcheck | Ttotal | Status | Flags |
---|---|---|---|---|---|---|
r-devel-linux-x86_64-debian-clang | 4.6.4 | 55.66 | 40.24 | 95.90 | OK | |
r-devel-linux-x86_64-debian-gcc | 4.6.4 | 47.27 | 30.50 | 77.77 | OK | |
r-devel-linux-x86_64-fedora-clang | 4.6.4 | 159.29 | OK | |||
r-devel-linux-x86_64-fedora-gcc | 4.6.4 | 189.13 | OK | |||
r-devel-macos-arm64 | 4.6.4 | 46.00 | OK | |||
r-devel-macos-x86_64 | 4.6.4 | 100.00 | OK | |||
r-devel-windows-x86_64 | 4.6.4 | 77.00 | 90.00 | 167.00 | OK | |
r-patched-linux-x86_64 | 4.6.4 | 67.13 | 37.88 | 105.01 | OK | |
r-release-linux-x86_64 | 4.6.4 | 63.42 | 37.97 | 101.39 | OK | |
r-release-macos-arm64 | 4.6.4 | 47.00 | NOTE | |||
r-release-macos-x86_64 | 4.6.4 | 86.00 | NOTE | |||
r-release-windows-x86_64 | 4.6.4 | 76.00 | 3.00 | 79.00 | FAIL | |
r-oldrel-macos-arm64 | 4.6.4 | 47.00 | NOTE | |||
r-oldrel-macos-x86_64 | 4.6.4 | 91.00 | NOTE | |||
r-oldrel-windows-x86_64 | 4.6.4 | 81.00 | 98.00 | 179.00 | OK |
Version: 4.6.4
Check: installed package size
Result: NOTE
installed size is 7.3Mb
sub-directories of 1Mb or more:
libs 6.8Mb
Flavors: r-release-macos-arm64, r-release-macos-x86_64, r-oldrel-macos-arm64, r-oldrel-macos-x86_64
Version: 4.6.4
Check: package dependencies
Result: FAIL
Flavor: r-release-windows-x86_64