Last updated on 2025-02-21 09:50:39 CET.
Flavor | Version | Tinstall | Tcheck | Ttotal | Status | Flags |
---|---|---|---|---|---|---|
r-devel-linux-x86_64-debian-clang | 1.1-2 | 7.70 | 59.76 | 67.46 | OK | |
r-devel-linux-x86_64-debian-gcc | 1.1-2 | 5.43 | 45.53 | 50.96 | OK | |
r-devel-linux-x86_64-fedora-clang | 1.1-2 | 103.43 | OK | |||
r-devel-linux-x86_64-fedora-gcc | 1.1-2 | 102.82 | OK | |||
r-devel-macos-arm64 | 1.1-2 | 41.00 | OK | |||
r-devel-macos-x86_64 | 1.1-2 | 92.00 | OK | |||
r-devel-windows-x86_64 | 1.1-2 | 8.00 | 96.00 | 104.00 | OK | |
r-patched-linux-x86_64 | 1.1-2 | 5.79 | 56.34 | 62.13 | OK | |
r-release-linux-x86_64 | 1.1-2 | 6.59 | 56.60 | 63.19 | OK | |
r-release-macos-arm64 | 1.1-2 | 40.00 | OK | |||
r-release-macos-x86_64 | 1.1-2 | 74.00 | OK | |||
r-release-windows-x86_64 | 1.1-2 | 7.00 | 91.00 | 98.00 | OK | |
r-oldrel-macos-arm64 | 1.1-2 | 43.00 | OK | |||
r-oldrel-macos-x86_64 | 1.1-2 | 71.00 | OK | |||
r-oldrel-windows-x86_64 | 1.1-2 | 10.00 | 101.00 | 111.00 | WARN |
Version: 1.1-2
Check: examples
Result: WARN
Found the following significant warnings:
Warning: 'adonis' is deprecated.
Warning: 'adonis' is deprecated.
Warning: 'adonis' is deprecated.
Warning: 'adonis' is deprecated.
Warning: 'adonis' is deprecated.
Deprecated functions may be defunct as soon as of the next release of
R.
See ?Deprecated.
Flavor: r-oldrel-windows-x86_64