CRAN Package Check Results for Package belex

Last updated on 2025-02-21 09:50:39 CET.

Flavor Version Tinstall Tcheck Ttotal Status Flags
r-devel-linux-x86_64-debian-clang 0.1.0 1.68 16.88 18.56 OK
r-devel-linux-x86_64-debian-gcc 0.1.0 1.42 14.03 15.45 OK
r-devel-linux-x86_64-fedora-clang 0.1.0 29.70 OK
r-devel-linux-x86_64-fedora-gcc 0.1.0 28.84 OK
r-devel-macos-arm64 0.1.0 14.00 OK
r-devel-macos-x86_64 0.1.0 30.00 OK
r-devel-windows-x86_64 0.1.0 2.00 37.00 39.00 OK
r-patched-linux-x86_64 0.1.0 1.48 16.29 17.77 NOTE
r-release-linux-x86_64 0.1.0 1.50 16.32 17.82 NOTE
r-release-macos-arm64 0.1.0 18.00 NOTE
r-release-macos-x86_64 0.1.0 29.00 NOTE
r-release-windows-x86_64 0.1.0 2.00 38.00 40.00 NOTE
r-oldrel-macos-arm64 0.1.0 14.00 NOTE
r-oldrel-macos-x86_64 0.1.0 19.00 NOTE
r-oldrel-windows-x86_64 0.1.0 3.00 41.00 44.00 NOTE

Check Details

Version: 0.1.0
Check: LazyData
Result: NOTE 'LazyData' is specified without a 'data' directory Flavors: r-patched-linux-x86_64, r-release-linux-x86_64, r-release-macos-arm64, r-release-macos-x86_64, r-release-windows-x86_64, r-oldrel-macos-arm64, r-oldrel-macos-x86_64, r-oldrel-windows-x86_64