Last updated on 2025-02-21 09:50:39 CET.
Flavor | Version | Tinstall | Tcheck | Ttotal | Status | Flags |
---|---|---|---|---|---|---|
r-devel-linux-x86_64-debian-clang | 0.1.0 | 8.27 | 228.87 | 237.14 | NOTE | |
r-devel-linux-x86_64-debian-gcc | 0.1.0 | 6.65 | 135.04 | 141.69 | NOTE | |
r-devel-linux-x86_64-fedora-clang | 0.1.0 | 390.45 | OK | |||
r-devel-linux-x86_64-fedora-gcc | 0.1.0 | 399.73 | OK | |||
r-devel-macos-arm64 | 0.1.0 | 204.00 | OK | |||
r-devel-macos-x86_64 | 0.1.0 | 389.00 | OK | |||
r-devel-windows-x86_64 | 0.1.0 | 11.00 | 191.00 | 202.00 | NOTE | |
r-patched-linux-x86_64 | 0.1.0 | 13.18 | 216.11 | 229.29 | OK | |
r-release-linux-x86_64 | 0.1.0 | 7.41 | 215.05 | 222.46 | OK | |
r-release-macos-arm64 | 0.1.0 | 178.00 | OK | |||
r-release-macos-x86_64 | 0.1.0 | 433.00 | OK | |||
r-release-windows-x86_64 | 0.1.0 | 12.00 | 195.00 | 207.00 | OK | |
r-oldrel-macos-arm64 | 0.1.0 | 93.00 | OK | |||
r-oldrel-macos-x86_64 | 0.1.0 | 173.00 | OK | |||
r-oldrel-windows-x86_64 | 0.1.0 | 13.00 | 277.00 | 290.00 | OK |
Version: 0.1.0
Check: Rd cross-references
Result: NOTE
Found the following Rd file(s) with Rd \link{} targets missing package
anchors:
pwr_curve.Rd: ggplot2
Please provide package anchors for all Rd \link{} targets not in the
package itself and the base packages.
Flavors: r-devel-linux-x86_64-debian-clang, r-devel-linux-x86_64-debian-gcc, r-devel-windows-x86_64