CRAN Package Check Results for Package ari

Last updated on 2025-02-17 09:49:35 CET.

Flavor Version Tinstall Tcheck Ttotal Status Flags
r-devel-linux-x86_64-debian-clang 0.3.5 7.03 64.40 71.43 OK
r-devel-linux-x86_64-debian-gcc 0.3.5 4.72 45.86 50.58 OK
r-devel-linux-x86_64-fedora-clang 0.3.5 112.71 OK
r-devel-linux-x86_64-fedora-gcc 0.3.5 128.54 OK
r-devel-macos-arm64 0.3.5 47.00 OK
r-devel-macos-x86_64 0.3.5 73.00 OK
r-devel-windows-x86_64 0.3.5 9.00 73.00 82.00 OK
r-patched-linux-x86_64 0.3.5 7.17 57.94 65.11 NOTE
r-release-linux-x86_64 0.3.5 6.88 58.25 65.13 NOTE
r-release-macos-arm64 0.3.5 40.00 NOTE
r-release-macos-x86_64 0.3.5 70.00 NOTE
r-release-windows-x86_64 0.3.5 10.00 74.00 84.00 NOTE
r-oldrel-macos-arm64 0.3.5 33.00 NOTE
r-oldrel-macos-x86_64 0.3.5 49.00 NOTE
r-oldrel-windows-x86_64 0.3.5 11.00 80.00 91.00 NOTE

Check Details

Version: 0.3.5
Check: LazyData
Result: NOTE 'LazyData' is specified without a 'data' directory Flavors: r-patched-linux-x86_64, r-release-linux-x86_64, r-release-macos-arm64, r-release-macos-x86_64, r-release-windows-x86_64, r-oldrel-macos-arm64, r-oldrel-macos-x86_64, r-oldrel-windows-x86_64