Last updated on 2025-07-07 09:50:12 CEST.
Flavor | Version | Tinstall | Tcheck | Ttotal | Status | Flags |
---|---|---|---|---|---|---|
r-devel-linux-x86_64-debian-clang | 0.8.10-1 | 12.85 | 341.98 | 354.83 | OK | |
r-devel-linux-x86_64-debian-gcc | 0.8.10-1 | 10.06 | 222.35 | 232.41 | OK | |
r-devel-linux-x86_64-fedora-clang | 0.8.10-1 | 605.11 | OK | |||
r-devel-linux-x86_64-fedora-gcc | 0.8.10-1 | 593.03 | OK | |||
r-devel-windows-x86_64 | 0.8.10-1 | 20.00 | 300.00 | 320.00 | OK | |
r-patched-linux-x86_64 | 0.8.10-1 | 12.90 | 329.53 | 342.43 | OK | |
r-release-linux-x86_64 | 0.8.10-1 | 11.31 | 334.83 | 346.14 | OK | |
r-release-macos-arm64 | 0.8.10-1 | 162.00 | OK | |||
r-release-macos-x86_64 | 0.8.10-1 | 334.00 | OK | |||
r-release-windows-x86_64 | 0.8.10-1 | 21.00 | 298.00 | 319.00 | OK | |
r-oldrel-macos-arm64 | 0.8.10-1 | 217.00 | NOTE | |||
r-oldrel-macos-x86_64 | 0.8.10-1 | 299.00 | NOTE | |||
r-oldrel-windows-x86_64 | 0.8.10-1 | 24.00 | 411.00 | 435.00 | NOTE |
Version: 0.8.10-1
Check: package dependencies
Result: NOTE
Package suggested but not available for checking: ‘gurobi’
Flavors: r-oldrel-macos-arm64, r-oldrel-macos-x86_64, r-oldrel-windows-x86_64