Last updated on 2025-02-20 09:50:42 CET.
Flavor | Version | Tinstall | Tcheck | Ttotal | Status | Flags |
---|---|---|---|---|---|---|
r-devel-linux-x86_64-debian-clang | 1.0.0 | 3.66 | 32.97 | 36.63 | OK | |
r-devel-linux-x86_64-debian-gcc | 1.0.0 | 2.32 | 24.31 | 26.63 | OK | |
r-devel-linux-x86_64-fedora-clang | 1.0.0 | 56.57 | OK | |||
r-devel-linux-x86_64-fedora-gcc | 1.0.0 | 57.18 | OK | |||
r-devel-macos-arm64 | 1.0.0 | 22.00 | OK | |||
r-devel-macos-x86_64 | 1.0.0 | 38.00 | OK | |||
r-devel-windows-x86_64 | 1.0.0 | 5.00 | 50.00 | 55.00 | OK | |
r-patched-linux-x86_64 | 1.0.0 | 3.61 | 30.44 | 34.05 | OK | |
r-release-linux-x86_64 | 1.0.0 | 3.60 | 30.74 | 34.34 | OK | |
r-release-macos-arm64 | 1.0.0 | 21.00 | OK | |||
r-release-macos-x86_64 | 1.0.0 | 32.00 | OK | |||
r-release-windows-x86_64 | 1.0.0 | 6.00 | 3.00 | 9.00 | FAIL | |
r-oldrel-macos-arm64 | 1.0.0 | 25.00 | OK | |||
r-oldrel-macos-x86_64 | 1.0.0 | 43.00 | OK | |||
r-oldrel-windows-x86_64 | 1.0.0 | 5.00 | 55.00 | 60.00 | OK |
Version: 1.0.0
Check: package dependencies
Result: FAIL
Flavor: r-release-windows-x86_64