Last updated on 2025-02-20 09:51:06 CET.
Flavor | Version | Tinstall | Tcheck | Ttotal | Status | Flags |
---|---|---|---|---|---|---|
r-devel-linux-x86_64-debian-clang | 0.1.3 | 9.43 | 75.00 | 84.43 | OK | |
r-devel-linux-x86_64-debian-gcc | 0.1.3 | 5.79 | 53.15 | 58.94 | OK | |
r-devel-linux-x86_64-fedora-clang | 0.1.3 | 128.28 | OK | |||
r-devel-linux-x86_64-fedora-gcc | 0.1.3 | 121.52 | OK | |||
r-devel-macos-arm64 | 0.1.3 | 38.00 | OK | |||
r-devel-macos-x86_64 | 0.1.3 | 68.00 | OK | |||
r-devel-windows-x86_64 | 0.1.3 | 10.00 | 82.00 | 92.00 | OK | |
r-patched-linux-x86_64 | 0.1.3 | 9.44 | 71.18 | 80.62 | OK | |
r-release-linux-x86_64 | 0.1.3 | 8.67 | 70.72 | 79.39 | OK | |
r-release-macos-arm64 | 0.1.3 | 39.00 | OK | |||
r-release-macos-x86_64 | 0.1.3 | 94.00 | OK | |||
r-release-windows-x86_64 | 0.1.3 | 9.00 | 3.00 | 12.00 | FAIL | |
r-oldrel-macos-arm64 | 0.1.1 | 43.00 | OK | |||
r-oldrel-macos-x86_64 | 0.1.1 | 91.00 | OK | |||
r-oldrel-windows-x86_64 | 0.1.1 | 13.00 | 121.00 | 134.00 | OK |
Version: 0.1.3
Check: package dependencies
Result: FAIL
Flavor: r-release-windows-x86_64