Last updated on 2025-02-21 09:51:04 CET.
Flavor | Version | Tinstall | Tcheck | Ttotal | Status | Flags |
---|---|---|---|---|---|---|
r-devel-linux-x86_64-debian-clang | 0.9 | 3.28 | 23.59 | 26.87 | OK | |
r-devel-linux-x86_64-debian-gcc | 0.9 | 2.63 | 18.29 | 20.92 | OK | |
r-devel-linux-x86_64-fedora-clang | 0.9 | 43.40 | OK | |||
r-devel-linux-x86_64-fedora-gcc | 0.9 | 39.16 | OK | |||
r-devel-macos-arm64 | 0.9 | 20.00 | OK | |||
r-devel-macos-x86_64 | 0.9 | 32.00 | OK | |||
r-devel-windows-x86_64 | 0.9 | 8.00 | 118.00 | 126.00 | OK | |
r-patched-linux-x86_64 | 0.9 | 2.88 | 21.80 | 24.68 | NOTE | |
r-release-linux-x86_64 | 0.9 | 2.98 | 21.49 | 24.47 | NOTE | |
r-release-macos-arm64 | 0.9 | 20.00 | NOTE | |||
r-release-macos-x86_64 | 0.9 | 32.00 | NOTE | |||
r-release-windows-x86_64 | 0.9 | 7.00 | 130.00 | 137.00 | NOTE | |
r-oldrel-macos-arm64 | 0.9 | 20.00 | NOTE | |||
r-oldrel-macos-x86_64 | 0.9 | 30.00 | NOTE | |||
r-oldrel-windows-x86_64 | 0.9 | 9.00 | 206.00 | 215.00 | NOTE |
Version: 0.9
Check: LazyData
Result: NOTE
'LazyData' is specified without a 'data' directory
Flavors: r-patched-linux-x86_64, r-release-linux-x86_64, r-release-macos-arm64, r-release-macos-x86_64, r-release-windows-x86_64, r-oldrel-macos-arm64, r-oldrel-macos-x86_64, r-oldrel-windows-x86_64