Last updated on 2025-02-21 09:51:04 CET.
Flavor | Version | Tinstall | Tcheck | Ttotal | Status | Flags |
---|---|---|---|---|---|---|
r-devel-linux-x86_64-debian-clang | 1.2.12 | 15.38 | 166.68 | 182.06 | NOTE | |
r-devel-linux-x86_64-debian-gcc | 1.2.12 | 12.29 | 109.72 | 122.01 | NOTE | |
r-devel-linux-x86_64-fedora-clang | 1.2.12 | 280.30 | OK | |||
r-devel-linux-x86_64-fedora-gcc | 1.2.12 | 269.26 | OK | |||
r-devel-macos-arm64 | 1.2.12 | 84.00 | OK | |||
r-devel-macos-x86_64 | 1.2.12 | 166.00 | OK | |||
r-devel-windows-x86_64 | 1.2.12 | 30.00 | 303.00 | 333.00 | NOTE | |
r-patched-linux-x86_64 | 1.2.12 | 15.91 | 150.93 | 166.84 | OK | |
r-release-linux-x86_64 | 1.2.12 | 15.30 | 148.72 | 164.02 | OK | |
r-release-macos-arm64 | 1.2.12 | 85.00 | OK | |||
r-release-macos-x86_64 | 1.2.12 | 205.00 | OK | |||
r-release-windows-x86_64 | 1.2.12 | 28.00 | 237.00 | 265.00 | OK | |
r-oldrel-macos-arm64 | 1.2.12 | 100.00 | OK | |||
r-oldrel-macos-x86_64 | 1.2.12 | 234.00 | OK | |||
r-oldrel-windows-x86_64 | 1.2.12 | 28.00 | 241.00 | 269.00 | OK |
Version: 1.2.12
Check: Rd cross-references
Result: NOTE
Found the following Rd file(s) with Rd \link{} targets missing package
anchors:
heartTP.Rd: heart
Please provide package anchors for all Rd \link{} targets not in the
package itself and the base packages.
Flavors: r-devel-linux-x86_64-debian-clang, r-devel-linux-x86_64-debian-gcc, r-devel-windows-x86_64