Last updated on 2025-02-20 09:51:05 CET.
Flavor | Version | Tinstall | Tcheck | Ttotal | Status | Flags |
---|---|---|---|---|---|---|
r-devel-linux-x86_64-debian-clang | 0.1.2 | 47.70 | 155.86 | 203.56 | NOTE | |
r-devel-linux-x86_64-debian-gcc | 0.1.2 | 34.03 | 113.92 | 147.95 | NOTE | |
r-devel-linux-x86_64-fedora-clang | 0.1.2 | 341.80 | NOTE | |||
r-devel-linux-x86_64-fedora-gcc | 0.1.2 | 346.45 | NOTE | |||
r-devel-macos-arm64 | 0.1.2 | 73.00 | NOTE | |||
r-devel-macos-x86_64 | 0.1.2 | 137.00 | NOTE | |||
r-devel-windows-x86_64 | 0.1.2 | 51.00 | 167.00 | 218.00 | NOTE | |
r-patched-linux-x86_64 | 0.1.2 | 43.71 | 145.31 | 189.02 | NOTE | |
r-release-linux-x86_64 | 0.1.2 | 45.06 | 144.12 | 189.18 | NOTE | |
r-release-macos-arm64 | 0.1.2 | 75.00 | NOTE | |||
r-release-macos-x86_64 | 0.1.2 | 109.00 | NOTE | |||
r-release-windows-x86_64 | 0.1.2 | 50.00 | 4.00 | 54.00 | FAIL | |
r-oldrel-macos-arm64 | 0.1.2 | 91.00 | NOTE | |||
r-oldrel-macos-x86_64 | 0.1.2 | 158.00 | NOTE | |||
r-oldrel-windows-x86_64 | 0.1.2 | 65.00 | 425.00 | 490.00 | NOTE |
Version: 0.1.2
Check: C++ specification
Result: NOTE
Specified C++11: please drop specification unless essential
Flavors: r-devel-linux-x86_64-debian-clang, r-devel-linux-x86_64-debian-gcc, r-devel-linux-x86_64-fedora-clang, r-devel-linux-x86_64-fedora-gcc, r-devel-macos-arm64, r-devel-macos-x86_64, r-devel-windows-x86_64, r-patched-linux-x86_64, r-release-linux-x86_64, r-release-macos-arm64, r-release-macos-x86_64, r-oldrel-macos-arm64, r-oldrel-macos-x86_64, r-oldrel-windows-x86_64
Version: 0.1.2
Check: package dependencies
Result: FAIL
Flavor: r-release-windows-x86_64