Last updated on 2025-02-21 09:51:01 CET.
Flavor | Version | Tinstall | Tcheck | Ttotal | Status | Flags |
---|---|---|---|---|---|---|
r-devel-linux-x86_64-debian-clang | 2.1.0 | 57.39 | 463.39 | 520.78 | NOTE | |
r-devel-linux-x86_64-debian-gcc | 2.1.0 | 36.19 | 300.83 | 337.02 | NOTE | |
r-devel-linux-x86_64-fedora-clang | 2.1.0 | 892.08 | OK | |||
r-devel-linux-x86_64-fedora-gcc | 2.1.0 | 846.06 | OK | |||
r-devel-macos-arm64 | 2.1.0 | 204.00 | OK | |||
r-devel-macos-x86_64 | 2.1.0 | 488.00 | OK | |||
r-devel-windows-x86_64 | 2.1.0 | 56.00 | 583.00 | 639.00 | NOTE | |
r-patched-linux-x86_64 | 2.1.0 | 60.46 | 429.15 | 489.61 | NOTE | |
r-release-linux-x86_64 | 2.1.0 | 53.59 | 433.95 | 487.54 | NOTE | |
r-release-macos-arm64 | 2.1.0 | 192.00 | NOTE | |||
r-release-macos-x86_64 | 2.1.0 | 406.00 | NOTE | |||
r-release-windows-x86_64 | 2.1.0 | 55.00 | 433.00 | 488.00 | NOTE | |
r-oldrel-macos-arm64 | 2.1.0 | 193.00 | NOTE | |||
r-oldrel-macos-x86_64 | 2.1.0 | 399.00 | NOTE | |||
r-oldrel-windows-x86_64 | 2.1.0 | 74.00 | 545.00 | 619.00 | NOTE |
Version: 2.1.0
Check: Rd cross-references
Result: NOTE
Found the following Rd file(s) with Rd \link{} targets missing package
anchors:
SpaDES.core-package.Rd: copy, equalExtent, getColors,
divergentColors, layerNames, numLayers, Plot, clearPlot,
clickValues, clickExtent, clickCoordinates, dev, newPlot, rePlot
depsLoadOrder.Rd: igraph
downloadData.Rd: prepInputs
emptyEventList.Rd: data.table
moduleDiagram.Rd: igraph
moduleGraph.Rd: igraph
simList-accessors-events.Rd: data.table
simList-class.Rd: data.table
Please provide package anchors for all Rd \link{} targets not in the
package itself and the base packages.
Flavors: r-devel-linux-x86_64-debian-clang, r-devel-linux-x86_64-debian-gcc, r-devel-windows-x86_64
Version: 2.1.0
Check: package dependencies
Result: NOTE
Package suggested but not available for checking: ‘NLMR’
Flavors: r-patched-linux-x86_64, r-release-linux-x86_64, r-release-macos-arm64, r-release-macos-x86_64, r-release-windows-x86_64, r-oldrel-macos-arm64, r-oldrel-macos-x86_64, r-oldrel-windows-x86_64
Version: 2.1.0
Check: installed package size
Result: NOTE
installed size is 7.6Mb
sub-directories of 1Mb or more:
R 5.9Mb
Flavors: r-release-macos-arm64, r-release-macos-x86_64, r-release-windows-x86_64, r-oldrel-macos-arm64, r-oldrel-macos-x86_64, r-oldrel-windows-x86_64