Last updated on 2025-02-21 09:51:01 CET.
Flavor | Version | Tinstall | Tcheck | Ttotal | Status | Flags |
---|---|---|---|---|---|---|
r-devel-linux-x86_64-debian-clang | 1.6.2 | 74.30 | 272.26 | 346.56 | OK | |
r-devel-linux-x86_64-debian-gcc | 1.6.2 | 55.91 | 186.51 | 242.42 | OK | |
r-devel-linux-x86_64-fedora-clang | 1.6.2 | 577.56 | OK | |||
r-devel-linux-x86_64-fedora-gcc | 1.6.2 | 563.94 | OK | |||
r-devel-macos-arm64 | 1.6.2 | 157.00 | OK | |||
r-devel-macos-x86_64 | 1.6.2 | 294.00 | OK | |||
r-devel-windows-x86_64 | 1.6.2 | 63.00 | 246.00 | 309.00 | OK | |
r-patched-linux-x86_64 | 1.6.2 | 71.16 | 254.53 | 325.69 | OK | |
r-release-linux-x86_64 | 1.6.2 | 66.91 | 259.34 | 326.25 | OK | |
r-release-macos-arm64 | 1.6.2 | 161.00 | NOTE | |||
r-release-macos-x86_64 | 1.6.2 | 236.00 | NOTE | |||
r-release-windows-x86_64 | 1.6.2 | 65.00 | 245.00 | 310.00 | NOTE | |
r-oldrel-macos-arm64 | 1.6.2 | 161.00 | NOTE | |||
r-oldrel-macos-x86_64 | 1.6.2 | 253.00 | NOTE | |||
r-oldrel-windows-x86_64 | 1.6.2 | 93.00 | 312.00 | 405.00 | NOTE |
Version: 1.6.2
Check: package dependencies
Result: NOTE
Package suggested but not available for checking: ‘DropletUtils’
Flavors: r-release-macos-arm64, r-oldrel-macos-arm64, r-oldrel-macos-x86_64
Version: 1.6.2
Check: installed package size
Result: NOTE
installed size is 6.7Mb
sub-directories of 1Mb or more:
data 4.9Mb
doc 1.0Mb
Flavors: r-release-macos-arm64, r-release-macos-x86_64, r-release-windows-x86_64, r-oldrel-macos-arm64, r-oldrel-macos-x86_64, r-oldrel-windows-x86_64