CRAN Package Check Results for Package SorptionAnalysis

Last updated on 2025-02-21 09:51:01 CET.

Flavor Version Tinstall Tcheck Ttotal Status Flags
r-devel-linux-x86_64-debian-clang 0.1.0 1.66 16.19 17.85 OK
r-devel-linux-x86_64-debian-gcc 0.1.0 1.37 13.39 14.76 OK
r-devel-linux-x86_64-fedora-clang 0.1.0 30.12 OK
r-devel-linux-x86_64-fedora-gcc 0.1.0 26.98 OK
r-devel-macos-arm64 0.1.0 15.00 OK
r-devel-macos-x86_64 0.1.0 26.00 OK
r-devel-windows-x86_64 0.1.0 4.00 34.00 38.00 OK
r-patched-linux-x86_64 0.1.0 1.76 15.44 17.20 NOTE
r-release-linux-x86_64 0.1.0 1.58 15.51 17.09 NOTE
r-release-macos-arm64 0.1.0 13.00 NOTE
r-release-macos-x86_64 0.1.0 18.00 NOTE
r-release-windows-x86_64 0.1.0 2.00 35.00 37.00 NOTE
r-oldrel-macos-arm64 0.1.0 15.00 NOTE
r-oldrel-macos-x86_64 0.1.0 18.00 NOTE
r-oldrel-windows-x86_64 0.1.0 4.00 35.00 39.00 NOTE

Check Details

Version: 0.1.0
Check: LazyData
Result: NOTE 'LazyData' is specified without a 'data' directory Flavors: r-patched-linux-x86_64, r-release-linux-x86_64, r-release-macos-arm64, r-release-macos-x86_64, r-release-windows-x86_64, r-oldrel-macos-arm64, r-oldrel-macos-x86_64, r-oldrel-windows-x86_64