CRAN Package Check Results for Package SmartMeterAnalytics

Last updated on 2025-02-21 09:51:01 CET.

Flavor Version Tinstall Tcheck Ttotal Status Flags
r-devel-linux-x86_64-debian-clang 1.0.3 4.92 34.33 39.25 NOTE
r-devel-linux-x86_64-debian-gcc 1.0.3 3.56 24.86 28.42 NOTE
r-devel-linux-x86_64-fedora-clang 1.0.3 67.43 OK
r-devel-linux-x86_64-fedora-gcc 1.0.3 60.00 OK
r-devel-macos-arm64 1.0.3 23.00 OK
r-devel-macos-x86_64 1.0.3 36.00 OK
r-devel-windows-x86_64 1.0.3 6.00 53.00 59.00 NOTE
r-patched-linux-x86_64 1.0.3 7.81 32.61 40.42 NOTE
r-release-linux-x86_64 1.0.3 4.71 32.52 37.23 NOTE
r-release-macos-arm64 1.0.3 21.00 NOTE
r-release-macos-x86_64 1.0.3 39.00 NOTE
r-release-windows-x86_64 1.0.3 7.00 53.00 60.00 NOTE
r-oldrel-macos-arm64 1.0.3 24.00 NOTE
r-oldrel-macos-x86_64 1.0.3 34.00 NOTE
r-oldrel-windows-x86_64 1.0.3 8.00 58.00 66.00 NOTE

Check Details

Version: 1.0.3
Check: Rd cross-references
Result: NOTE Found the following Rd file(s) with Rd \link{} targets missing package anchors: remove_empty_features.Rd: futile.logger Please provide package anchors for all Rd \link{} targets not in the package itself and the base packages. Flavors: r-devel-linux-x86_64-debian-clang, r-devel-linux-x86_64-debian-gcc, r-devel-windows-x86_64

Version: 1.0.3
Check: LazyData
Result: NOTE 'LazyData' is specified without a 'data' directory Flavors: r-patched-linux-x86_64, r-release-linux-x86_64, r-release-macos-arm64, r-release-macos-x86_64, r-release-windows-x86_64, r-oldrel-macos-arm64, r-oldrel-macos-x86_64, r-oldrel-windows-x86_64