Last updated on 2025-02-21 09:50:59 CET.
Flavor | Version | Tinstall | Tcheck | Ttotal | Status | Flags |
---|---|---|---|---|---|---|
r-devel-linux-x86_64-debian-clang | 1.8.0 | 2.17 | 21.09 | 23.26 | NOTE | |
r-devel-linux-x86_64-debian-gcc | 1.8.0 | 1.67 | 16.47 | 18.14 | NOTE | |
r-devel-linux-x86_64-fedora-clang | 1.8.0 | 37.44 | NOTE | |||
r-devel-linux-x86_64-fedora-gcc | 1.8.0 | 36.14 | NOTE | |||
r-devel-macos-arm64 | 1.8.0 | 18.00 | OK | |||
r-devel-macos-x86_64 | 1.8.0 | 39.00 | OK | |||
r-devel-windows-x86_64 | 1.8.0 | 3.00 | 46.00 | 49.00 | OK | |
r-patched-linux-x86_64 | 1.8.0 | 2.49 | 20.32 | 22.81 | NOTE | |
r-release-linux-x86_64 | 1.8.0 | 2.20 | 19.89 | 22.09 | NOTE | |
r-release-macos-arm64 | 1.8.0 | 18.00 | OK | |||
r-release-macos-x86_64 | 1.8.0 | 23.00 | OK | |||
r-release-windows-x86_64 | 1.8.0 | 3.00 | 45.00 | 48.00 | OK | |
r-oldrel-macos-arm64 | 1.8.0 | 19.00 | OK | |||
r-oldrel-macos-x86_64 | 1.8.0 | 22.00 | OK | |||
r-oldrel-windows-x86_64 | 1.8.0 | 3.00 | 43.00 | 46.00 | OK |
Version: 1.8.0
Check: for non-standard things in the check directory
Result: NOTE
Found the following files/directories:
‘Tsttwalk.dat’
Flavors: r-devel-linux-x86_64-debian-clang, r-devel-linux-x86_64-debian-gcc, r-devel-linux-x86_64-fedora-clang, r-devel-linux-x86_64-fedora-gcc, r-patched-linux-x86_64, r-release-linux-x86_64