CRAN Package Check Results for Package RWeka

Last updated on 2025-02-21 09:50:59 CET.

Flavor Version Tinstall Tcheck Ttotal Status Flags
r-devel-linux-x86_64-debian-clang 0.4-46 8.54 84.97 93.51 OK
r-devel-linux-x86_64-debian-gcc 0.4-46 7.40 64.23 71.63 OK
r-devel-linux-x86_64-fedora-clang 0.4-46 160.46 NOTE
r-devel-linux-x86_64-fedora-gcc 0.4-46 162.62 NOTE
r-devel-macos-arm64 0.4-46 51.00 NOTE
r-devel-macos-x86_64 0.4-46 91.00 NOTE
r-devel-windows-x86_64 0.4-46 8.00 113.00 121.00 OK
r-patched-linux-x86_64 0.4-46 8.26 82.10 90.36 OK
r-release-linux-x86_64 0.4-46 8.32 81.31 89.63 OK
r-release-macos-arm64 0.4-46 49.00 OK
r-release-macos-x86_64 0.4-46 71.00 OK
r-release-windows-x86_64 0.4-46 9.00 111.00 120.00 OK
r-oldrel-macos-arm64 0.4-46 58.00 OK
r-oldrel-macos-x86_64 0.4-46 78.00 NOTE
r-oldrel-windows-x86_64 0.4-46 9.00 113.00 122.00 OK

Check Details

Version: 0.4-46
Check: tests
Result: NOTE Running ‘data_exchange.R’ Comparing ‘data_exchange.Rout’ to ‘data_exchange.Rout.save’ ...136c136 < 1 2012-12-12 12:12:12 2012-12-12 12:12:12 --- > 1 2012-12-12 12:12:12 2012-12-12 13:12:12 159c159 < 1 2012-12-12 12:12:12 2012-12-12 12:12:12 --- > 1 2012-12-12 12:12:12 2012-12-12 13:12:12 Flavors: r-devel-linux-x86_64-fedora-clang, r-devel-linux-x86_64-fedora-gcc

Version: 0.4-46
Check: tests
Result: NOTE Running ‘data_exchange.R’ [1s/1s] Comparing ‘data_exchange.Rout’ to ‘data_exchange.Rout.save’ ...136c136 < 1 2012-12-12 12:12:12 2012-12-13 01:12:12 --- > 1 2012-12-12 12:12:12 2012-12-12 13:12:12 159c159 < 1 2012-12-12 12:12:12 2012-12-13 01:12:12 --- > 1 2012-12-12 12:12:12 2012-12-12 13:12:12 Flavor: r-devel-macos-arm64

Version: 0.4-46
Check: tests
Result: NOTE Running ‘data_exchange.R’ [1s/1s] Comparing ‘data_exchange.Rout’ to ‘data_exchange.Rout.save’ ...136c136 < 1 2012-12-12 12:12:12 2012-12-12 07:12:12 --- > 1 2012-12-12 12:12:12 2012-12-12 13:12:12 159c159 < 1 2012-12-12 12:12:12 2012-12-12 07:12:12 --- > 1 2012-12-12 12:12:12 2012-12-12 13:12:12 Flavor: r-devel-macos-x86_64

Version: 0.4-46
Check: package dependencies
Result: NOTE Package suggested but not available for checking: ‘partykit’ Flavor: r-oldrel-macos-x86_64

Version: 0.4-46
Check: Rd cross-references
Result: NOTE Package unavailable to check Rd xrefs: ‘partykit’ Flavor: r-oldrel-macos-x86_64