Last updated on 2025-02-21 09:50:58 CET.
Flavor | Version | Tinstall | Tcheck | Ttotal | Status | Flags |
---|---|---|---|---|---|---|
r-devel-linux-x86_64-debian-clang | 0.9.0 | 12.09 | 97.84 | 109.93 | NOTE | |
r-devel-linux-x86_64-debian-gcc | 0.9.0 | 8.51 | 69.12 | 77.63 | NOTE | |
r-devel-linux-x86_64-fedora-clang | 1.0.0 | 172.57 | OK | |||
r-devel-linux-x86_64-fedora-gcc | 1.0.0 | 164.38 | OK | |||
r-devel-macos-arm64 | 0.9.0 | 64.00 | OK | |||
r-devel-macos-x86_64 | 1.0.0 | 117.00 | OK | |||
r-devel-windows-x86_64 | 0.9.0 | 13.00 | 103.00 | 116.00 | OK | |
r-patched-linux-x86_64 | 0.9.0 | 13.37 | 86.72 | 100.09 | OK | |
r-release-linux-x86_64 | 0.9.0 | 12.24 | 87.45 | 99.69 | OK | |
r-release-macos-arm64 | 0.9.0 | 63.00 | OK | |||
r-release-macos-x86_64 | 1.0.0 | 103.00 | OK | |||
r-release-windows-x86_64 | 0.9.0 | 14.00 | 101.00 | 115.00 | OK | |
r-oldrel-macos-arm64 | 0.9.0 | 59.00 | OK | |||
r-oldrel-macos-x86_64 | 1.0.0 | 116.00 | OK | |||
r-oldrel-windows-x86_64 | 1.0.0 | 16.00 | 130.00 | 146.00 | OK |
Version: 0.9.0
Check: for unstated dependencies in ‘demo’
Result: NOTE
'::' or ':::' imports not declared from:
‘htmlwidgets’ ‘rmarkdown’ ‘shiny’ ‘vcd’
'library' or 'require' calls not declared from:
‘htmlwidgets’ ‘httpuv’ ‘httr2’ ‘kableExtra’ ‘knitr’ ‘purrrlyr’
‘raster’ ‘rmarkdown’ ‘tidyverse’ ‘vcd’
Flavors: r-devel-linux-x86_64-debian-clang, r-devel-linux-x86_64-debian-gcc