Last updated on 2025-02-21 09:50:57 CET.
Flavor | Version | Tinstall | Tcheck | Ttotal | Status | Flags |
---|---|---|---|---|---|---|
r-devel-linux-x86_64-debian-clang | 1.1.1 | 11.35 | 87.90 | 99.25 | OK | |
r-devel-linux-x86_64-debian-gcc | 1.1.1 | 7.94 | 67.56 | 75.50 | OK | |
r-devel-linux-x86_64-fedora-clang | 1.1.1 | 175.46 | OK | |||
r-devel-linux-x86_64-fedora-gcc | 1.1.1 | 171.15 | OK | |||
r-devel-macos-arm64 | 1.1.1 | 66.00 | OK | |||
r-devel-macos-x86_64 | 1.1.1 | 119.00 | OK | |||
r-devel-windows-x86_64 | 1.1.1 | 12.00 | 100.00 | 112.00 | OK | |
r-patched-linux-x86_64 | 1.1.1 | 9.42 | 82.17 | 91.59 | OK | |
r-release-linux-x86_64 | 1.1.1 | 10.89 | 82.85 | 93.74 | OK | |
r-release-macos-arm64 | 1.1.1 | 53.00 | OK | |||
r-release-macos-x86_64 | 1.1.1 | 76.00 | OK | |||
r-release-windows-x86_64 | 1.1.1 | 12.00 | 101.00 | 113.00 | OK | |
r-oldrel-macos-arm64 | 1.1.1 | 54.00 | NOTE | |||
r-oldrel-macos-x86_64 | 1.1.1 | 82.00 | OK | |||
r-oldrel-windows-x86_64 | 1.1.1 | 28.00 | 267.00 | 295.00 | OK |
Version: 1.1.1
Check: whether the namespace can be loaded with stated dependencies
Result: NOTE
Warning in py_initialize(config$python, config$libpython, config$pythonhome, :
Python 2 reached EOL on January 1, 2020. Python 2 compatability be removed in an upcoming reticulate release.
A namespace must be able to be loaded with just the base namespace
loaded: otherwise if the namespace gets loaded by a saved object, the
session will be unable to start.
Probably some imports need to be declared in the NAMESPACE file.
Flavor: r-oldrel-macos-arm64