Last updated on 2025-02-21 09:50:55 CET.
Flavor | Version | Tinstall | Tcheck | Ttotal | Status | Flags |
---|---|---|---|---|---|---|
r-devel-linux-x86_64-debian-clang | 0.9.2 | 3.08 | 39.06 | 42.14 | NOTE | |
r-devel-linux-x86_64-debian-gcc | 0.9.2 | 2.14 | 26.94 | 29.08 | NOTE | |
r-devel-linux-x86_64-fedora-clang | 0.9.2 | 69.49 | NOTE | |||
r-devel-linux-x86_64-fedora-gcc | 0.9.2 | 79.58 | NOTE | |||
r-devel-macos-arm64 | 0.9.2 | 27.00 | NOTE | |||
r-devel-macos-x86_64 | 0.9.2 | 56.00 | NOTE | |||
r-devel-windows-x86_64 | 0.9.2 | 4.00 | 67.00 | 71.00 | NOTE | |
r-patched-linux-x86_64 | 0.9.2 | 3.64 | 36.19 | 39.83 | NOTE | |
r-release-linux-x86_64 | 0.9.2 | 3.35 | 36.57 | 39.92 | NOTE | |
r-release-macos-arm64 | 0.9.2 | 29.00 | NOTE | |||
r-release-macos-x86_64 | 0.9.2 | 45.00 | NOTE | |||
r-release-windows-x86_64 | 0.9.2 | 3.00 | 67.00 | 70.00 | NOTE | |
r-oldrel-macos-arm64 | 0.9.2 | 30.00 | OK | |||
r-oldrel-macos-x86_64 | 0.9.2 | 45.00 | OK | |||
r-oldrel-windows-x86_64 | 0.9.2 | 4.00 | 104.00 | 108.00 | OK |
Version: 0.9.2
Check: Rd files
Result: NOTE
checkRd: (-1) inputData.Rd:94: Lost braces
94 | recommend using either \sQuote{code{.}} (a period) or
| ^
checkRd: (-1) inputData.Rd:95: Lost braces
95 | \sQuote{code{_}} (an underscore) rather than a space.
| ^
checkRd: (-1) preprocessData.Rd:81: Lost braces
81 | recommend using either \sQuote{code{.}} (a period) or
| ^
checkRd: (-1) preprocessData.Rd:82: Lost braces
82 | \sQuote{code{_}} (an underscore) rather than a space.
| ^
Flavors: r-devel-linux-x86_64-debian-clang, r-devel-linux-x86_64-debian-gcc, r-devel-linux-x86_64-fedora-clang, r-devel-linux-x86_64-fedora-gcc, r-devel-macos-arm64, r-devel-macos-x86_64, r-devel-windows-x86_64, r-patched-linux-x86_64, r-release-linux-x86_64, r-release-macos-arm64, r-release-macos-x86_64, r-release-windows-x86_64