CRAN Package Check Results for Package OCNet

Last updated on 2025-02-21 09:50:54 CET.

Flavor Version Tinstall Tcheck Ttotal Status Flags
r-devel-linux-x86_64-debian-clang 1.2.2 73.01 443.59 516.60 NOTE
r-devel-linux-x86_64-debian-gcc 1.2.2 49.53 275.52 325.05 NOTE
r-devel-linux-x86_64-fedora-clang 1.2.2 851.88 OK
r-devel-linux-x86_64-fedora-gcc 1.2.2 858.86 OK
r-devel-macos-arm64 1.2.2 196.00 OK
r-devel-macos-x86_64 1.2.2 396.00 OK
r-devel-windows-x86_64 1.2.2 75.00 348.00 423.00 NOTE
r-patched-linux-x86_64 1.2.2 79.74 407.48 487.22 OK
r-release-linux-x86_64 1.2.2 71.69 407.87 479.56 OK
r-release-macos-arm64 1.2.2 154.00 NOTE
r-release-macos-x86_64 1.2.2 317.00 NOTE
r-release-windows-x86_64 1.2.2 75.00 355.00 430.00 OK
r-oldrel-macos-arm64 1.2.2 189.00 NOTE
r-oldrel-macos-x86_64 1.2.2 297.00 NOTE
r-oldrel-windows-x86_64 1.2.2 98.00 475.00 573.00 NOTE

Check Details

Version: 1.2.2
Check: Rd cross-references
Result: NOTE Found the following Rd file(s) with Rd \link{} targets missing package anchors: OCN_to_AEM.Rd: moran.randtest, aem aggregate_OCN.Rd: spam create_OCN.Rd: spam draw_elev2D_OCN.Rd: image.plot, imagePlot draw_elev3D_OCN.Rd: imagePlot draw_elev3Drgl_OCN.Rd: persp3d, rgl, rgl.snapshot, rgl.postscript, polygon3d draw_subcatchments_OCN.Rd: imagePlot draw_thematic_OCN.Rd: image.plot, imagePlot, sbar, north landscape_OCN.Rd: spam paths_OCN.Rd: spam plot.Rd: sbar, north Please provide package anchors for all Rd \link{} targets not in the package itself and the base packages. Flavors: r-devel-linux-x86_64-debian-clang, r-devel-linux-x86_64-debian-gcc, r-devel-windows-x86_64

Version: 1.2.2
Check: installed package size
Result: NOTE installed size is 5.9Mb sub-directories of 1Mb or more: data 2.6Mb libs 1.9Mb Flavors: r-release-macos-arm64, r-release-macos-x86_64, r-oldrel-macos-arm64, r-oldrel-macos-x86_64, r-oldrel-windows-x86_64