Last updated on 2025-02-21 09:50:51 CET.
Flavor | Version | Tinstall | Tcheck | Ttotal | Status | Flags |
---|---|---|---|---|---|---|
r-devel-linux-x86_64-debian-clang | 1.4.0 | 72.36 | 210.01 | 282.37 | NOTE | |
r-devel-linux-x86_64-debian-gcc | 1.4.0 | 52.65 | 160.75 | 213.40 | NOTE | |
r-devel-linux-x86_64-fedora-clang | 1.4.0 | 459.48 | NOTE | |||
r-devel-linux-x86_64-fedora-gcc | 1.4.0 | 468.95 | NOTE | |||
r-devel-macos-arm64 | 1.4.0 | 120.00 | OK | |||
r-devel-macos-x86_64 | 1.4.0 | 233.00 | NOTE | |||
r-devel-windows-x86_64 | 1.4.0 | 74.00 | 204.00 | 278.00 | NOTE | |
r-patched-linux-x86_64 | 1.4.0 | 73.56 | 199.25 | 272.81 | NOTE | |
r-release-linux-x86_64 | 1.4.0 | 69.93 | 200.00 | 269.93 | NOTE | |
r-release-macos-arm64 | 1.4.0 | 125.00 | NOTE | |||
r-release-macos-x86_64 | 1.4.0 | 222.00 | NOTE | |||
r-release-windows-x86_64 | 1.4.0 | 73.00 | 207.00 | 280.00 | OK | |
r-oldrel-macos-arm64 | 1.4.0 | 118.00 | NOTE | |||
r-oldrel-macos-x86_64 | 1.4.0 | 228.00 | NOTE | |||
r-oldrel-windows-x86_64 | 1.4.0 | 92.00 | 263.00 | 355.00 | NOTE |
Version: 1.4.0
Check: DESCRIPTION meta-information
Result: NOTE
Missing dependency on R >= 4.1.0 because package code uses the pipe
|> or function shorthand \(...) syntax added in R 4.1.0.
File(s) using such syntax:
‘util.R’
Flavors: r-devel-linux-x86_64-debian-clang, r-devel-linux-x86_64-debian-gcc, r-devel-linux-x86_64-fedora-clang, r-devel-linux-x86_64-fedora-gcc, r-devel-macos-x86_64, r-devel-windows-x86_64
Version: 1.4.0
Check: package dependencies
Result: NOTE
Package suggested but not available for checking: ‘INLA’
Flavors: r-patched-linux-x86_64, r-release-linux-x86_64, r-release-macos-arm64, r-release-macos-x86_64, r-oldrel-macos-arm64, r-oldrel-macos-x86_64, r-oldrel-windows-x86_64
Version: 1.4.0
Check: installed package size
Result: NOTE
installed size is 13.7Mb
sub-directories of 1Mb or more:
libs 12.1Mb
Flavors: r-release-macos-arm64, r-release-macos-x86_64, r-oldrel-macos-arm64, r-oldrel-macos-x86_64