CRAN Package Check Results for Package MUACz

Last updated on 2025-02-21 09:50:52 CET.

Flavor Version Tinstall Tcheck Ttotal Status Flags
r-devel-linux-x86_64-debian-clang 2.1.0 9.41 77.03 86.44 OK
r-devel-linux-x86_64-debian-gcc 2.1.0 7.03 55.66 62.69 OK
r-devel-linux-x86_64-fedora-clang 2.1.0 138.11 OK
r-devel-linux-x86_64-fedora-gcc 2.1.0 131.38 OK
r-devel-macos-arm64 2.1.0 40.00 OK
r-devel-macos-x86_64 2.1.0 83.00 OK
r-devel-windows-x86_64 2.1.0 11.00 84.00 95.00 OK
r-patched-linux-x86_64 2.1.0 9.61 71.88 81.49 NOTE
r-release-linux-x86_64 2.1.0 8.76 71.65 80.41 NOTE
r-release-macos-arm64 2.1.0 38.00 NOTE
r-release-macos-x86_64 2.1.0 66.00 NOTE
r-release-windows-x86_64 2.1.0 11.00 83.00 94.00 NOTE
r-oldrel-macos-arm64 2.1.0 47.00 NOTE
r-oldrel-macos-x86_64 2.1.0 61.00 NOTE
r-oldrel-windows-x86_64 2.1.0 15.00 97.00 112.00 NOTE

Check Details

Version: 2.1.0
Check: LazyData
Result: NOTE 'LazyData' is specified without a 'data' directory Flavors: r-patched-linux-x86_64, r-release-linux-x86_64, r-release-macos-arm64, r-release-macos-x86_64, r-release-windows-x86_64, r-oldrel-macos-arm64, r-oldrel-macos-x86_64, r-oldrel-windows-x86_64