CRAN Package Check Results for Package LoBrA

Last updated on 2025-07-12 09:49:22 CEST.

Flavor Version Tinstall Tcheck Ttotal Status Flags
r-devel-linux-x86_64-debian-clang 1.0 2.87 55.98 58.85 OK
r-devel-linux-x86_64-debian-gcc 1.0 1.96 40.32 42.28 OK
r-devel-linux-x86_64-fedora-clang 1.0 95.65 NOTE
r-devel-linux-x86_64-fedora-gcc 1.0 105.44 NOTE
r-devel-windows-x86_64 1.0 5.00 91.00 96.00 OK
r-patched-linux-x86_64 1.0 3.20 54.42 57.62 OK
r-release-linux-x86_64 1.0 2.71 56.02 58.73 OK
r-release-macos-arm64 1.0 38.00 OK
r-release-macos-x86_64 1.0 75.00 OK
r-release-windows-x86_64 1.0 4.00 78.00 82.00 OK
r-oldrel-macos-arm64 1.0 35.00 OK
r-oldrel-macos-x86_64 1.0 59.00 OK
r-oldrel-windows-x86_64 1.0 5.00 135.00 140.00 OK

Check Details

Version: 1.0
Check: dependencies in R code
Result: NOTE Namespaces in Imports field not imported from: ‘RColorBrewer’ ‘base’ ‘qpdf’ All declared Imports should be used. Flavors: r-devel-linux-x86_64-fedora-clang, r-devel-linux-x86_64-fedora-gcc