Last updated on 2025-07-12 09:49:22 CEST.
Flavor | Version | Tinstall | Tcheck | Ttotal | Status | Flags |
---|---|---|---|---|---|---|
r-devel-linux-x86_64-debian-clang | 0.1.0 | 1.64 | 17.67 | 19.31 | OK | |
r-devel-linux-x86_64-debian-gcc | 0.1.0 | 1.23 | 14.93 | 16.16 | OK | |
r-devel-linux-x86_64-fedora-clang | 0.1.0 | 27.40 | OK | |||
r-devel-linux-x86_64-fedora-gcc | 0.1.0 | 27.32 | OK | |||
r-devel-windows-x86_64 | 0.1.0 | 2.00 | 34.00 | 36.00 | OK | |
r-patched-linux-x86_64 | 0.1.0 | 1.46 | 15.68 | 17.14 | OK | |
r-release-linux-x86_64 | 0.1.0 | 1.52 | 15.67 | 17.19 | OK | |
r-release-macos-arm64 | 0.1.0 | 12.00 | OK | |||
r-release-macos-x86_64 | 0.1.0 | 22.00 | OK | |||
r-release-windows-x86_64 | 0.1.0 | 3.00 | 35.00 | 38.00 | OK | |
r-oldrel-macos-arm64 | 0.1.0 | 13.00 | NOTE | |||
r-oldrel-macos-x86_64 | 0.1.0 | 19.00 | NOTE | |||
r-oldrel-windows-x86_64 | 0.1.0 | 4.00 | 33.00 | 37.00 | NOTE |
Version: 0.1.0
Check: LazyData
Result: NOTE
'LazyData' is specified without a 'data' directory
Flavors: r-oldrel-macos-arm64, r-oldrel-macos-x86_64, r-oldrel-windows-x86_64