CRAN Package Check Results for Package LDAShiny

Last updated on 2025-02-21 09:50:47 CET.

Flavor Version Tinstall Tcheck Ttotal Status Flags
r-devel-linux-x86_64-debian-clang 0.9.3 4.55 39.40 43.95 OK
r-devel-linux-x86_64-debian-gcc 0.9.3 3.01 31.59 34.60 OK
r-devel-linux-x86_64-fedora-clang 0.9.3 79.58 NOTE
r-devel-linux-x86_64-fedora-gcc 0.9.3 82.10 NOTE
r-devel-macos-arm64 0.9.3 44.00 OK
r-devel-macos-x86_64 0.9.3 61.00 OK
r-devel-windows-x86_64 0.9.3 7.00 61.00 68.00 OK
r-patched-linux-x86_64 0.9.3 4.26 38.42 42.68 OK
r-release-linux-x86_64 0.9.3 3.69 37.73 41.42 OK
r-release-macos-arm64 0.9.3 41.00 OK
r-release-macos-x86_64 0.9.3 49.00 OK
r-release-windows-x86_64 0.9.3 6.00 60.00 66.00 OK
r-oldrel-macos-arm64 0.9.3 40.00 OK
r-oldrel-macos-x86_64 0.9.3 44.00 OK
r-oldrel-windows-x86_64 0.9.3 7.00 94.00 101.00 OK

Check Details

Version: 0.9.3
Check: dependencies in R code
Result: NOTE Namespaces in Imports field not imported from: ‘DT’ ‘SnowballC’ ‘beepr’ ‘broom’ ‘chinese.misc’ ‘dplyr’ ‘highcharter’ ‘htmlwidgets’ ‘ldatuning’ ‘parallel’ ‘plotly’ ‘purrr’ ‘quanteda’ ‘shinyBS’ ‘shinyWidgets’ ‘shinyalert’ ‘shinycssloaders’ ‘shinyjs’ ‘stringr’ ‘textmineR’ ‘tidyr’ ‘tidytext’ ‘topicmodels’ All declared Imports should be used. Flavors: r-devel-linux-x86_64-fedora-clang, r-devel-linux-x86_64-fedora-gcc