Last updated on 2025-07-12 09:49:22 CEST.
Flavor | Version | Tinstall | Tcheck | Ttotal | Status | Flags |
---|---|---|---|---|---|---|
r-devel-linux-x86_64-debian-clang | 3.0 | 30.41 | 76.10 | 106.51 | OK | |
r-devel-linux-x86_64-debian-gcc | 3.0 | 23.99 | 58.73 | 82.72 | OK | |
r-devel-linux-x86_64-fedora-clang | 3.0 | 172.85 | OK | |||
r-devel-linux-x86_64-fedora-gcc | 3.0 | 177.25 | OK | |||
r-devel-windows-x86_64 | 3.0 | 40.00 | 117.00 | 157.00 | OK | |
r-patched-linux-x86_64 | 3.0 | 31.29 | 73.39 | 104.68 | OK | |
r-release-linux-x86_64 | 3.0 | 32.22 | 73.13 | 105.35 | OK | |
r-release-macos-arm64 | 3.0 | 63.00 | OK | |||
r-release-macos-x86_64 | 3.0 | 98.00 | OK | |||
r-release-windows-x86_64 | 3.0 | 38.00 | 117.00 | 155.00 | OK | |
r-oldrel-macos-arm64 | 3.0 | 123.00 | NOTE | |||
r-oldrel-macos-x86_64 | 3.0 | 138.00 | NOTE | |||
r-oldrel-windows-x86_64 | 3.0 | 44.00 | 144.00 | 188.00 | OK |
Version: 3.0
Check: installed package size
Result: NOTE
installed size is 5.5Mb
sub-directories of 1Mb or more:
data 1.6Mb
libs 2.8Mb
Flavors: r-oldrel-macos-arm64, r-oldrel-macos-x86_64