Last updated on 2025-02-21 09:50:45 CET.
Flavor | Version | Tinstall | Tcheck | Ttotal | Status | Flags |
---|---|---|---|---|---|---|
r-devel-linux-x86_64-debian-clang | 1.1.5 | 115.55 | 51.38 | 166.93 | NOTE | |
r-devel-linux-x86_64-debian-gcc | 1.1.5 | 87.75 | 40.44 | 128.19 | NOTE | |
r-devel-linux-x86_64-fedora-clang | 1.1.5 | 298.42 | NOTE | |||
r-devel-linux-x86_64-fedora-gcc | 1.1.5 | 333.67 | NOTE | |||
r-devel-macos-arm64 | 1.1.5 | 79.00 | NOTE | |||
r-devel-macos-x86_64 | 1.1.5 | 108.00 | NOTE | |||
r-devel-windows-x86_64 | 1.1.5 | 125.00 | 96.00 | 221.00 | NOTE | |
r-patched-linux-x86_64 | 1.1.5 | 127.58 | 50.43 | 178.01 | NOTE | |
r-release-linux-x86_64 | 1.1.5 | 127.33 | 49.70 | 177.03 | NOTE | |
r-release-macos-arm64 | 1.1.5 | 48.00 | NOTE | |||
r-release-macos-x86_64 | 1.1.5 | 56.00 | NOTE | |||
r-release-windows-x86_64 | 1.1.5 | 128.00 | 95.00 | 223.00 | NOTE | |
r-oldrel-macos-arm64 | 1.1.5 | 91.00 | NOTE | |||
r-oldrel-macos-x86_64 | 1.1.5 | 171.00 | NOTE | |||
r-oldrel-windows-x86_64 | 1.1.5 | 149.00 | 105.00 | 254.00 | NOTE |
Version: 1.1.5
Check: C++ specification
Result: NOTE
Specified C++11: please drop specification unless essential
Flavors: r-devel-linux-x86_64-debian-clang, r-devel-linux-x86_64-debian-gcc, r-devel-linux-x86_64-fedora-clang, r-devel-linux-x86_64-fedora-gcc, r-devel-macos-arm64, r-devel-macos-x86_64, r-devel-windows-x86_64, r-patched-linux-x86_64, r-release-linux-x86_64, r-release-macos-arm64, r-release-macos-x86_64, r-release-windows-x86_64, r-oldrel-macos-arm64, r-oldrel-macos-x86_64, r-oldrel-windows-x86_64
Version: 1.1.5
Check: for GNU extensions in Makefiles
Result: NOTE
GNU make is a SystemRequirements.
Flavors: r-patched-linux-x86_64, r-release-linux-x86_64, r-release-macos-arm64, r-release-macos-x86_64, r-release-windows-x86_64, r-oldrel-macos-arm64, r-oldrel-macos-x86_64, r-oldrel-windows-x86_64
Version: 1.1.5
Check: installed package size
Result: NOTE
installed size is 11.0Mb
sub-directories of 1Mb or more:
libs 10.9Mb
Flavors: r-release-macos-arm64, r-release-macos-x86_64, r-oldrel-macos-arm64, r-oldrel-macos-x86_64