Last updated on 2025-02-21 09:50:44 CET.
Flavor | Version | Tinstall | Tcheck | Ttotal | Status | Flags |
---|---|---|---|---|---|---|
r-devel-linux-x86_64-debian-clang | 1.0.0 | 1.08 | 25.98 | 27.06 | OK | |
r-devel-linux-x86_64-debian-gcc | 1.0.0 | 1.31 | 19.11 | 20.42 | OK | |
r-devel-linux-x86_64-fedora-clang | 1.0.0 | 48.08 | NOTE | |||
r-devel-linux-x86_64-fedora-gcc | 1.0.0 | 44.60 | NOTE | |||
r-devel-macos-arm64 | 1.0.0 | 18.00 | OK | |||
r-devel-macos-x86_64 | 1.0.0 | 29.00 | OK | |||
r-devel-windows-x86_64 | 1.0.0 | 3.00 | 46.00 | 49.00 | OK | |
r-patched-linux-x86_64 | 1.0.0 | 1.81 | 24.81 | 26.62 | OK | |
r-release-linux-x86_64 | 1.0.0 | 1.26 | 24.68 | 25.94 | OK | |
r-release-macos-arm64 | 1.0.0 | 17.00 | OK | |||
r-release-macos-x86_64 | 1.0.0 | 25.00 | OK | |||
r-release-windows-x86_64 | 1.0.0 | 3.00 | 46.00 | 49.00 | OK | |
r-oldrel-macos-arm64 | 1.0.0 | 18.00 | OK | |||
r-oldrel-macos-x86_64 | 1.0.0 | 23.00 | OK | |||
r-oldrel-windows-x86_64 | 1.0.0 | 2.00 | 74.00 | 76.00 | OK |
Version: 1.0.0
Check: dependencies in R code
Result: NOTE
Namespace in Imports field not imported from: ‘psych’
All declared Imports should be used.
Flavors: r-devel-linux-x86_64-fedora-clang, r-devel-linux-x86_64-fedora-gcc