Last updated on 2025-02-20 09:50:48 CET.
Flavor | Version | Tinstall | Tcheck | Ttotal | Status | Flags |
---|---|---|---|---|---|---|
r-devel-linux-x86_64-debian-clang | 0.7 | 9.19 | 79.38 | 88.57 | NOTE | |
r-devel-linux-x86_64-debian-gcc | 0.7 | 7.49 | 58.17 | 65.66 | NOTE | |
r-devel-linux-x86_64-fedora-clang | 0.7 | 141.19 | OK | |||
r-devel-linux-x86_64-fedora-gcc | 0.7 | 140.62 | OK | |||
r-devel-macos-arm64 | 0.7 | 46.00 | OK | |||
r-devel-macos-x86_64 | 0.7 | 84.00 | OK | |||
r-devel-windows-x86_64 | 0.7 | 10.00 | 90.00 | 100.00 | NOTE | |
r-patched-linux-x86_64 | 0.7 | 14.37 | 74.37 | 88.74 | OK | |
r-release-linux-x86_64 | 0.7 | 8.20 | 74.51 | 82.71 | OK | |
r-release-macos-arm64 | 0.7 | 43.00 | OK | |||
r-release-macos-x86_64 | 0.7 | 63.00 | OK | |||
r-release-windows-x86_64 | 0.7 | 11.00 | 91.00 | 102.00 | OK | |
r-oldrel-macos-arm64 | 0.7 | 46.00 | OK | |||
r-oldrel-macos-x86_64 | 0.7 | 70.00 | OK | |||
r-oldrel-windows-x86_64 | 0.7 | 14.00 | 125.00 | 139.00 | OK |
Version: 0.7
Check: Rd cross-references
Result: NOTE
Found the following Rd file(s) with Rd \link{} targets missing package
anchors:
Regression.Integrator.PenReg.SelMin.Config-class.Rd:
Regression.Integrator.Config-class
Regression.Integrator.PenReg.SelMin.FitObj-class.Rd:
Regression.Integrator.FitObj-class
epenreg.Rd: Instance.List-class, Regression.CV.Batch.FitObj-class,
Regression.Batch.FitObj-class
epenreg.baselearner.control.Rd: rmse.error
Please provide package anchors for all Rd \link{} targets not in the
package itself and the base packages.
Flavors: r-devel-linux-x86_64-debian-clang, r-devel-linux-x86_64-debian-gcc, r-devel-windows-x86_64