CRAN Package Check Results for Package AuxSurvey

Last updated on 2025-02-21 09:50:39 CET.

Flavor Version Tinstall Tcheck Ttotal Status Flags
r-devel-linux-x86_64-debian-clang 1.0 0.32 1.94 2.26 ERROR
r-devel-linux-x86_64-debian-gcc 1.0 20.26 184.66 204.92 OK
r-devel-linux-x86_64-fedora-clang 1.0 481.19 OK
r-devel-linux-x86_64-fedora-gcc 1.0 468.62 OK
r-devel-macos-arm64 1.0 135.00 OK
r-devel-macos-x86_64 1.0 273.00 OK
r-devel-windows-x86_64 1.0 24.00 258.00 282.00 OK
r-patched-linux-x86_64 1.0 22.22 246.73 268.95 OK
r-release-linux-x86_64 1.0 22.01 247.82 269.83 OK
r-release-macos-arm64 1.0 121.00 OK
r-release-macos-x86_64 1.0 172.00 OK
r-release-windows-x86_64 1.0 23.00 255.00 278.00 OK
r-oldrel-macos-arm64 1.0 140.00 OK
r-oldrel-macos-x86_64 1.0 180.00 OK
r-oldrel-windows-x86_64 1.0 23.00 315.00 338.00 OK

Check Details

Version: 1.0
Check: package dependencies
Result: ERROR Package required but not available: ‘rstanarm’ See section ‘The DESCRIPTION file’ in the ‘Writing R Extensions’ manual. Flavor: r-devel-linux-x86_64-debian-clang