Last updated on 2025-05-09 09:52:08 CEST.
Flavor | Version | Tinstall | Tcheck | Ttotal | Status | Flags |
---|---|---|---|---|---|---|
r-devel-linux-x86_64-debian-clang | 1.0.7 | 1.66 | 17.96 | 19.62 | NOTE | |
r-devel-linux-x86_64-debian-gcc | 1.0.7 | 1.54 | 14.72 | 16.26 | NOTE | |
r-devel-linux-x86_64-fedora-clang | 1.0.7 | 31.79 | OK | |||
r-devel-linux-x86_64-fedora-gcc | 1.0.7 | 30.24 | OK | |||
r-devel-windows-x86_64 | 1.0.7 | 3.00 | 39.00 | 42.00 | OK | |
r-patched-linux-x86_64 | 1.0.7 | 1.68 | 17.23 | 18.91 | OK | |
r-release-linux-x86_64 | 1.0.7 | 1.83 | 17.31 | 19.14 | OK | |
r-release-macos-arm64 | 1.0.7 | 17.00 | OK | |||
r-release-macos-x86_64 | 1.0.7 | 23.00 | OK | |||
r-release-windows-x86_64 | 1.0.7 | 3.00 | 40.00 | 43.00 | OK | |
r-oldrel-macos-arm64 | 1.0.7 | 15.00 | OK | |||
r-oldrel-macos-x86_64 | 1.0.7 | 20.00 | OK | |||
r-oldrel-windows-x86_64 | 1.0.7 | 2.00 | 42.00 | 44.00 | OK |
Version: 1.0.7
Check: CRAN incoming feasibility
Result: NOTE
Maintainer: ‘Oliver Kirchkamp <oliver@kirchkamp.de>’
No Authors@R field in DESCRIPTION.
Please add one, modifying
Authors@R: person(given = "Oliver",
family = "Kirchkamp",
role = c("aut", "cre"),
email = "oliver@kirchkamp.de")
as necessary.
Flavors: r-devel-linux-x86_64-debian-clang, r-devel-linux-x86_64-debian-gcc