Last updated on 2025-02-18 09:50:54 CET.
Flavor | Version | Tinstall | Tcheck | Ttotal | Status | Flags |
---|---|---|---|---|---|---|
r-devel-linux-x86_64-debian-clang | 1.0.1 | 6.72 | 62.98 | 69.70 | NOTE | |
r-devel-linux-x86_64-debian-gcc | 1.0.1 | 4.49 | 46.88 | 51.37 | NOTE | |
r-devel-linux-x86_64-fedora-clang | 1.0.1 | 114.14 | NOTE | |||
r-devel-linux-x86_64-fedora-gcc | 1.0.1 | 118.67 | NOTE | |||
r-devel-macos-arm64 | 1.0.1 | 42.00 | NOTE | |||
r-devel-macos-x86_64 | 1.0.1 | 85.00 | NOTE | |||
r-devel-windows-x86_64 | 1.0.1 | 7.00 | 78.00 | 85.00 | NOTE | |
r-patched-linux-x86_64 | 1.0.1 | 6.92 | 59.09 | 66.01 | NOTE | |
r-release-linux-x86_64 | 1.0.1 | 6.40 | 58.45 | 64.85 | NOTE | |
r-release-macos-arm64 | 1.0.1 | 41.00 | NOTE | |||
r-release-macos-x86_64 | 1.0.1 | 61.00 | NOTE | |||
r-release-windows-x86_64 | 1.0.1 | 7.00 | 75.00 | 82.00 | NOTE | |
r-oldrel-macos-arm64 | 1.0.1 | 41.00 | NOTE | |||
r-oldrel-macos-x86_64 | 1.0.1 | 69.00 | NOTE | |||
r-oldrel-windows-x86_64 | 1.0.1 | 10.00 | 112.00 | 122.00 | NOTE |
Version: 1.0.1
Check: package subdirectories
Result: NOTE
Problems with news in ‘NEWS.md’:
No news entries found.
Flavors: r-devel-linux-x86_64-debian-clang, r-devel-linux-x86_64-debian-gcc, r-devel-linux-x86_64-fedora-clang, r-devel-linux-x86_64-fedora-gcc, r-devel-macos-arm64, r-devel-macos-x86_64, r-devel-windows-x86_64, r-patched-linux-x86_64, r-release-linux-x86_64, r-release-macos-arm64, r-release-macos-x86_64, r-release-windows-x86_64, r-oldrel-macos-arm64, r-oldrel-macos-x86_64, r-oldrel-windows-x86_64
Version: 1.0.1
Check: Rd cross-references
Result: NOTE
Found the following Rd file(s) with Rd \link{} targets missing package
anchors:
fit_XCI_E_model.Rd: coxph
fit_XCI_model.Rd: coxph
fit_all_models.Rd: coxph
xlink_fit.Rd: coxph
Please provide package anchors for all Rd \link{} targets not in the
package itself and the base packages.
Flavors: r-devel-linux-x86_64-debian-clang, r-devel-linux-x86_64-debian-gcc, r-devel-windows-x86_64