CRAN Package Check Results for Package wv

Last updated on 2025-02-06 09:52:47 CET.

Flavor Version Tinstall Tcheck Ttotal Status Flags
r-devel-linux-x86_64-debian-clang 0.1.2 114.74 57.80 172.54 NOTE
r-devel-linux-x86_64-debian-gcc 0.1.2 82.53 41.53 124.06 NOTE
r-devel-linux-x86_64-fedora-clang 0.1.2 341.82 NOTE
r-devel-linux-x86_64-fedora-gcc 0.1.2 332.65 NOTE
r-devel-windows-x86_64 0.1.2 120.00 107.00 227.00 NOTE
r-patched-linux-x86_64 0.1.2 113.42 52.87 166.29 NOTE
r-release-linux-x86_64 0.1.2 102.51 52.95 155.46 NOTE
r-release-macos-arm64 0.1.2 72.00 NOTE
r-release-macos-x86_64 0.1.2 72.00 NOTE
r-release-windows-x86_64 0.1.2 118.00 121.00 239.00 NOTE
r-oldrel-macos-arm64 0.1.2 73.00 NOTE
r-oldrel-macos-x86_64 0.1.2 89.00 NOTE
r-oldrel-windows-x86_64 0.1.2 147.00 122.00 269.00 OK

Check Details

Version: 0.1.2
Check: Rd files
Result: NOTE checkRd: (-1) batch_modwt_wvar_cpp.Rd:36: Lost braces in \itemize; \value handles \item{}{} directly checkRd: (-1) batch_modwt_wvar_cpp.Rd:37: Lost braces in \itemize; \value handles \item{}{} directly checkRd: (-1) batch_modwt_wvar_cpp.Rd:38: Lost braces in \itemize; \value handles \item{}{} directly checkRd: (-1) ci_eta3.Rd:19: Lost braces in \itemize; \value handles \item{}{} directly checkRd: (-1) ci_eta3.Rd:20: Lost braces in \itemize; \value handles \item{}{} directly checkRd: (-1) ci_eta3.Rd:21: Lost braces in \itemize; \value handles \item{}{} directly checkRd: (-1) ci_eta3_robust.Rd:21: Lost braces in \itemize; \value handles \item{}{} directly checkRd: (-1) ci_eta3_robust.Rd:22: Lost braces in \itemize; \value handles \item{}{} directly checkRd: (-1) ci_eta3_robust.Rd:23: Lost braces in \itemize; \value handles \item{}{} directly checkRd: (-1) ci_wave_variance.Rd:32: Lost braces in \itemize; \value handles \item{}{} directly checkRd: (-1) ci_wave_variance.Rd:33: Lost braces in \itemize; \value handles \item{}{} directly checkRd: (-1) ci_wave_variance.Rd:34: Lost braces in \itemize; \value handles \item{}{} directly checkRd: (-1) modwt_wvar_cpp.Rd:36: Lost braces in \itemize; \value handles \item{}{} directly checkRd: (-1) modwt_wvar_cpp.Rd:37: Lost braces in \itemize; \value handles \item{}{} directly checkRd: (-1) modwt_wvar_cpp.Rd:38: Lost braces in \itemize; \value handles \item{}{} directly checkRd: (-1) wvar_cpp.Rd:23: Lost braces in \itemize; \value handles \item{}{} directly checkRd: (-1) wvar_cpp.Rd:24: Lost braces in \itemize; \value handles \item{}{} directly checkRd: (-1) wvar_cpp.Rd:25: Lost braces in \itemize; \value handles \item{}{} directly Flavors: r-devel-linux-x86_64-debian-clang, r-devel-linux-x86_64-debian-gcc, r-devel-linux-x86_64-fedora-clang, r-devel-linux-x86_64-fedora-gcc, r-devel-windows-x86_64, r-patched-linux-x86_64, r-release-linux-x86_64, r-release-macos-arm64, r-release-macos-x86_64, r-release-windows-x86_64

Version: 0.1.2
Check: installed package size
Result: NOTE installed size is 7.3Mb sub-directories of 1Mb or more: libs 6.4Mb Flavors: r-release-macos-arm64, r-release-macos-x86_64, r-oldrel-macos-arm64, r-oldrel-macos-x86_64